{"id":29507,"date":"2025-09-26T14:14:41","date_gmt":"2025-09-26T14:14:41","guid":{"rendered":"https:\/\/accrosport.tn\/index.php\/product\/bolsa-de-deporte-splash-negro\/"},"modified":"2025-12-18T13:10:59","modified_gmt":"2025-12-18T13:10:59","slug":"bolsa-de-deporte-splash-negro","status":"publish","type":"product","link":"https:\/\/accrosport.tn\/index.php\/product\/bolsa-de-deporte-splash-negro\/","title":{"rendered":"Sac de sport Splash noir"},"content":{"rendered":"<p>Sac de sport fabriqu\u00e9 en mat\u00e9riau imperm\u00e9able pour une utilisation en natation. Il s&rsquo;agit d&rsquo;un grand sac de transport d&rsquo;\u00e9quipement r\u00e9sistant \u00e0 l&rsquo;eau pour \u00e9viter les fuites si vous le laissez dans le vestiaire ou pr\u00e8s de l&rsquo;eau. Gr\u00e2ce \u00e0 sa grande capacit\u00e9, il vous permettra de transporter tout votre \u00e9quipement bien organis\u00e9 et rang\u00e9 : serviette, maillot de bain, lunettes de plong\u00e9e et autres accessoires.<\/p>\n<p>\u00c0 l&rsquo;int\u00e9rieur, il dispose d&rsquo;une petite poche avec fermeture \u00e9clair pour ranger de petits objets personnels.<\/p>\n<p>Ce sac polyvalent peut \u00eatre port\u00e9 en bandouli\u00e8re gr\u00e2ce \u00e0 deux poign\u00e9es renforc\u00e9es rembourr\u00e9es, ou comme un sac \u00e0 bandouli\u00e8re. La sangle pour le porter en bandouli\u00e8re est amovible, ajustable et a \u00e9galement un renfort rembourr\u00e9 pour ne pas frotter sur l&rsquo;\u00e9paule.<\/p>\n<p>Il comporte le logo Joma en impression sur le devant, ainsi que d&rsquo;autres plus petits personnalis\u00e9s sur les poign\u00e9es.<\/p>\n<p>Dimensions : 25 cm de hauteur x 50 cm de largeur.<\/p>\n<p>Capacit\u00e9 : 20 L.<\/p>\n<ul class=\"featuresul\">\n<li>Poche int\u00e9rieure<\/li>\n<li>Imperm\u00e9able<\/li>\n<li>Capacit\u00e9 20 L<\/li>\n<li>Dimensions : hauteur 25 cm x largeur 50 cm<\/li>\n<li>Sangles rembourr\u00e9es r\u00e9glables<\/li>\n<li>Poign\u00e9es rembourr\u00e9es<\/li>\n<li>70% PVC, 25% Polyester, 5% Nylon<\/li>\n<\/ul>\n","protected":false},"excerpt":{"rendered":"<div class=\"container product-detail product-wrapper\" data-product-url=\"https:\/\/www.joma-sport.com\/on\/demandware.store\/Sites-joma_eu-Site\/fr_FR\/Product-Show?pid=%24product%24\" data-sizebay-tenantid=\"3356\" data-pid=\"401027.100\">\n<div class=\"row\">\n<div class=\"product-container-information contentPDP-right\">\n<div class=\"product-sticky\">\n<div class=\"short-description\">\n<div class=\"text-short-description\">Sac de sport fabriqu\u00e9 avec un mat\u00e9riau r\u00e9sistant \u00e0 l&rsquo;eau. Cela le rend parfait pour des sports tels que la natation. Vous pourrez y mettre tout votre \u00e9quipement organis\u00e9 gr\u00e2ce \u00e0 son espace incroyable, et le transporter confortablement avec ses poign\u00e9es ou le porter en bandouli\u00e8re si vous pr\u00e9f\u00e9rez.<\/div>\n<\/div>\n<\/div>\n<\/div>\n<\/div>\n<\/div>\n<div class=\"container product-detail \">\n<div class=\"row\">\n<div class=\"col-sm-12\">\n<div id=\"cq_recomm_slot-4432818939b95f78a018708f9e\">\n<div class=\"recommendations completeSet\"><\/div>\n<\/div>\n<\/div>\n<\/div>\n<\/div>\n","protected":false},"featured_media":34896,"template":"","meta":[],"product_brand":[],"product_cat":[45,73],"product_tag":[],"class_list":{"0":"post-29507","1":"product","2":"type-product","3":"status-publish","4":"has-post-thumbnail","6":"product_cat-accessoires","7":"product_cat-sac-de-sport","8":"pa_couleur-noir","9":"pa_taille-one-size","11":"first","12":"instock","13":"purchasable","14":"product-type-simple"},"_links":{"self":[{"href":"https:\/\/accrosport.tn\/index.php\/wp-json\/wp\/v2\/product\/29507","targetHints":{"allow":["GET"]}}],"collection":[{"href":"https:\/\/accrosport.tn\/index.php\/wp-json\/wp\/v2\/product"}],"about":[{"href":"https:\/\/accrosport.tn\/index.php\/wp-json\/wp\/v2\/types\/product"}],"wp:featuredmedia":[{"embeddable":true,"href":"https:\/\/accrosport.tn\/index.php\/wp-json\/wp\/v2\/media\/34896"}],"wp:attachment":[{"href":"https:\/\/accrosport.tn\/index.php\/wp-json\/wp\/v2\/media?parent=29507"}],"wp:term":[{"taxonomy":"product_brand","embeddable":true,"href":"https:\/\/accrosport.tn\/index.php\/wp-json\/wp\/v2\/product_brand?post=29507"},{"taxonomy":"product_cat","embeddable":true,"href":"https:\/\/accrosport.tn\/index.php\/wp-json\/wp\/v2\/product_cat?post=29507"},{"taxonomy":"product_tag","embeddable":true,"href":"https:\/\/accrosport.tn\/index.php\/wp-json\/wp\/v2\/product_tag?post=29507"}],"curies":[{"name":"wp","href":"https:\/\/api.w.org\/{rel}","templated":true}]}}