{"id":29504,"date":"2025-09-26T14:14:41","date_gmt":"2025-09-26T14:14:41","guid":{"rendered":"https:\/\/accrosport.tn\/index.php\/product\/tabla-de-natacion-splash-royal\/"},"modified":"2025-12-02T11:55:52","modified_gmt":"2025-12-02T11:55:52","slug":"tabla-de-natacion-splash-royal","status":"publish","type":"product","link":"https:\/\/accrosport.tn\/index.php\/product\/tabla-de-natacion-splash-royal\/","title":{"rendered":"Planche de natation JOMA royal"},"content":{"rendered":"<ul>\n<li>Fabriqu\u00e9 en mousse EVA de bonne qualit\u00e9<\/li>\n<li>maintient le corps bien \u00e0 la surface de l&rsquo;eau<\/li>\n<li>Sa forme ergonomique ne restreint pas la libert\u00e9 de mouvement.<\/li>\n<li>offre un soutien pour des cours de natation en toute s\u00e9curit\u00e9<\/li>\n<li>Gr\u00e2ce \u00e0 ses poign\u00e9es, il convient \u00e0 diff\u00e9rentes m\u00e9thodes d&rsquo;entra\u00eenement et \u00e0 de nombreuses options de positionnement des mains.<\/li>\n<li>Parfait pour apprendre \u00e0 nager ou s&rsquo;amuser dans l&rsquo;eau en famille<\/li>\n<li>mat\u00e9riau r\u00e9sistant au chlore<\/li>\n<\/ul>\n","protected":false},"excerpt":{"rendered":"<p>Fabriqu\u00e9 en mousse EVA de bonne qualit\u00e9 maintient le corps bien \u00e0 la surface de l&rsquo;eau Sa forme ergonomique ne restreint pas la libert\u00e9 de mouvement. offre un soutien pour des cours de natation en toute s\u00e9curit\u00e9 Gr\u00e2ce \u00e0 ses poign\u00e9es, il convient \u00e0 diff\u00e9rentes m\u00e9thodes d&rsquo;entra\u00eenement et \u00e0 de nombreuses options de positionnement des [&hellip;]<\/p>\n","protected":false},"featured_media":36495,"template":"","meta":[],"product_brand":[414],"product_cat":[45],"product_tag":[],"class_list":{"0":"post-29504","1":"product","2":"type-product","3":"status-publish","4":"has-post-thumbnail","6":"product_brand-joma","7":"product_cat-accessoires","8":"pa_couleur-royal-blue","9":"pa_taille-one-size","11":"first","12":"instock","13":"purchasable","14":"product-type-simple"},"_links":{"self":[{"href":"https:\/\/accrosport.tn\/index.php\/wp-json\/wp\/v2\/product\/29504","targetHints":{"allow":["GET"]}}],"collection":[{"href":"https:\/\/accrosport.tn\/index.php\/wp-json\/wp\/v2\/product"}],"about":[{"href":"https:\/\/accrosport.tn\/index.php\/wp-json\/wp\/v2\/types\/product"}],"wp:featuredmedia":[{"embeddable":true,"href":"https:\/\/accrosport.tn\/index.php\/wp-json\/wp\/v2\/media\/36495"}],"wp:attachment":[{"href":"https:\/\/accrosport.tn\/index.php\/wp-json\/wp\/v2\/media?parent=29504"}],"wp:term":[{"taxonomy":"product_brand","embeddable":true,"href":"https:\/\/accrosport.tn\/index.php\/wp-json\/wp\/v2\/product_brand?post=29504"},{"taxonomy":"product_cat","embeddable":true,"href":"https:\/\/accrosport.tn\/index.php\/wp-json\/wp\/v2\/product_cat?post=29504"},{"taxonomy":"product_tag","embeddable":true,"href":"https:\/\/accrosport.tn\/index.php\/wp-json\/wp\/v2\/product_tag?post=29504"}],"curies":[{"name":"wp","href":"https:\/\/api.w.org\/{rel}","templated":true}]}}