{"id":29500,"date":"2025-09-26T14:14:32","date_gmt":"2025-09-26T14:14:32","guid":{"rendered":"https:\/\/accrosport.tn\/index.php\/product\/mochila-friendly-celeste\/"},"modified":"2025-11-07T11:46:07","modified_gmt":"2025-11-07T11:46:07","slug":"mochila-friendly-celeste","status":"publish","type":"product","link":"https:\/\/accrosport.tn\/index.php\/product\/mochila-friendly-celeste\/","title":{"rendered":"Sac \u00e0 dos Friendly bleu ciel"},"content":{"rendered":"<p>Sac \u00e0 dos de coupe classique. Ce sac \u00e0 dos comporte une poche principale avec fermeture \u00e0 glissi\u00e8re et une poche avant avec fermeture \u00e0 glissi\u00e8re. \u00c0 l&rsquo;int\u00e9rieur, il comprend une autre poche renforc\u00e9e par de la mousse, qui s&rsquo;ajuste gr\u00e2ce \u00e0 un \u00e9lastique et vous permet de ranger diff\u00e9rents objets, comme votre ordinateur portable, votre tablette ou vos livres. Ainsi, tout est bien prot\u00e9g\u00e9 et organis\u00e9. Le dos est renforc\u00e9 par de la mousse pour plus de confort. Les bretelles sont r\u00e9glables.<\/p>\n<p>La nouveaut\u00e9 de ce sac \u00e0 dos est l&rsquo;incorporation de tissu teddy dans la poche avant et les bretelles, un type de tissu qui se caract\u00e9rise par sa douceur et son confort. Il peut donc \u00eatre port\u00e9 dans un confort total.<\/p>\n<p>Logo sur l&rsquo;\u00e9tiquette en caoutchouc.<\/p>\n<ul class=\"featuresul\">\n<li>Fermeture zip<\/li>\n<li>Poche avant<\/li>\n<li>Dos rembourr\u00e9<\/li>\n<li>Sangles r\u00e9glables<\/li>\n<li>100% Polyester<\/li>\n<\/ul>\n","protected":false},"excerpt":{"rendered":"<p>Sac \u00e0 dos classique avec poches zipp\u00e9es. Comprend une autre poche int\u00e9rieure pour ranger des objets comme l&rsquo;ordinateur portable. Le dos a \u00e9t\u00e9 renforc\u00e9 et les bretelles sont r\u00e9glables. Tout pour offrir du confort.<\/p>\n","protected":false},"featured_media":35014,"template":"","meta":[],"product_brand":[],"product_cat":[45,72],"product_tag":[],"class_list":{"0":"post-29500","1":"product","2":"type-product","3":"status-publish","4":"has-post-thumbnail","6":"product_cat-accessoires","7":"product_cat-sac-a-dos","8":"pa_couleur-sky-blue","9":"pa_taille-one-size","11":"first","12":"instock","13":"purchasable","14":"product-type-simple"},"_links":{"self":[{"href":"https:\/\/accrosport.tn\/index.php\/wp-json\/wp\/v2\/product\/29500","targetHints":{"allow":["GET"]}}],"collection":[{"href":"https:\/\/accrosport.tn\/index.php\/wp-json\/wp\/v2\/product"}],"about":[{"href":"https:\/\/accrosport.tn\/index.php\/wp-json\/wp\/v2\/types\/product"}],"wp:featuredmedia":[{"embeddable":true,"href":"https:\/\/accrosport.tn\/index.php\/wp-json\/wp\/v2\/media\/35014"}],"wp:attachment":[{"href":"https:\/\/accrosport.tn\/index.php\/wp-json\/wp\/v2\/media?parent=29500"}],"wp:term":[{"taxonomy":"product_brand","embeddable":true,"href":"https:\/\/accrosport.tn\/index.php\/wp-json\/wp\/v2\/product_brand?post=29500"},{"taxonomy":"product_cat","embeddable":true,"href":"https:\/\/accrosport.tn\/index.php\/wp-json\/wp\/v2\/product_cat?post=29500"},{"taxonomy":"product_tag","embeddable":true,"href":"https:\/\/accrosport.tn\/index.php\/wp-json\/wp\/v2\/product_tag?post=29500"}],"curies":[{"name":"wp","href":"https:\/\/api.w.org\/{rel}","templated":true}]}}