{"id":29493,"date":"2025-09-26T14:14:32","date_gmt":"2025-09-26T14:14:32","guid":{"rendered":"https:\/\/accrosport.tn\/index.php\/product\/mochila-moving-joma-world-caqu\/"},"modified":"2026-03-11T12:46:30","modified_gmt":"2026-03-11T12:46:30","slug":"mochila-moving-joma-world-caqu","status":"publish","type":"product","link":"https:\/\/accrosport.tn\/index.php\/product\/mochila-moving-joma-world-caqu\/","title":{"rendered":"Sac \u00e0 dos Moving Joma World kaki"},"content":{"rendered":"<p>Sac \u00e0 dos de coupe classique. Il dispose d&rsquo;une poche principale avec fermeture \u00e9clair et tirette, ainsi que d&rsquo;une poche frontale avec fermeture \u00e9clair et tirette. \u00c0 l&rsquo;int\u00e9rieur, il comprend une poche renforc\u00e9e par de la mousse, qui s&rsquo;ajuste gr\u00e2ce \u00e0 un \u00e9lastique et vous permet de ranger des objets tels que votre ordinateur portable, votre tablette ou vos livres. Ainsi, tout est prot\u00e9g\u00e9 et bien organis\u00e9. Le dos est renforc\u00e9 pour plus de confort. Les bretelles sont r\u00e9glables et comportent de la mousse \u00e0 l&rsquo;int\u00e9rieur.<\/p>\n<p>Il est fabriqu\u00e9 dans un mat\u00e9riau r\u00e9sistant aux d\u00e9chirures. C&rsquo;est un sac \u00e0 dos parfait pour une utilisation quotidienne.<\/p>\n<p>Design avec l\u00e9gende et logo imprim\u00e9.<\/p>\n<ul class=\"featuresul\">\n<li>Fermeture zip<\/li>\n<li>Poche int\u00e9rieure<\/li>\n<li>Poches avant<\/li>\n<li>Dos rembourr\u00e9<\/li>\n<li>Sangles r\u00e9glables rembourr\u00e9es<\/li>\n<li>100% Polyester<\/li>\n<\/ul>\n","protected":false},"excerpt":{"rendered":"<p>Sac \u00e0 dos \u00e0 coupe classique. Il est fabriqu\u00e9 avec un mat\u00e9riau r\u00e9sistant. Comprend un dos renforc\u00e9 et des bretelles ajustables pour plus de confort. Comprend une poche int\u00e9rieure pour ranger des objets comme l&rsquo;ordinateur portable.<\/p>\n","protected":false},"featured_media":34969,"template":"","meta":[],"product_brand":[],"product_cat":[45,72],"product_tag":[],"class_list":{"0":"post-29493","1":"product","2":"type-product","3":"status-publish","4":"has-post-thumbnail","6":"product_cat-accessoires","7":"product_cat-sac-a-dos","8":"pa_couleur-khaki","9":"pa_taille-one-size","11":"first","12":"instock","13":"purchasable","14":"product-type-simple"},"_links":{"self":[{"href":"https:\/\/accrosport.tn\/index.php\/wp-json\/wp\/v2\/product\/29493","targetHints":{"allow":["GET"]}}],"collection":[{"href":"https:\/\/accrosport.tn\/index.php\/wp-json\/wp\/v2\/product"}],"about":[{"href":"https:\/\/accrosport.tn\/index.php\/wp-json\/wp\/v2\/types\/product"}],"wp:featuredmedia":[{"embeddable":true,"href":"https:\/\/accrosport.tn\/index.php\/wp-json\/wp\/v2\/media\/34969"}],"wp:attachment":[{"href":"https:\/\/accrosport.tn\/index.php\/wp-json\/wp\/v2\/media?parent=29493"}],"wp:term":[{"taxonomy":"product_brand","embeddable":true,"href":"https:\/\/accrosport.tn\/index.php\/wp-json\/wp\/v2\/product_brand?post=29493"},{"taxonomy":"product_cat","embeddable":true,"href":"https:\/\/accrosport.tn\/index.php\/wp-json\/wp\/v2\/product_cat?post=29493"},{"taxonomy":"product_tag","embeddable":true,"href":"https:\/\/accrosport.tn\/index.php\/wp-json\/wp\/v2\/product_tag?post=29493"}],"curies":[{"name":"wp","href":"https:\/\/api.w.org\/{rel}","templated":true}]}}