{"id":29398,"date":"2025-09-26T11:17:38","date_gmt":"2025-09-26T11:17:38","guid":{"rendered":"https:\/\/accrosport.tn\/index.php\/product\/camiseta-brama-classic-verde-n\/"},"modified":"2025-12-04T16:22:33","modified_gmt":"2025-12-04T16:22:33","slug":"camiseta-brama-classic-verde-n","status":"publish","type":"product","link":"https:\/\/accrosport.tn\/index.php\/product\/camiseta-brama-classic-verde-n\/","title":{"rendered":"Maillot enfant Brama classic"},"content":{"rendered":"<p>Maillot Joma Brama classic<\/p>\n<p>Maillot thermique au col ferm\u00e9 et aux manches larges avec une ouverture pour le pouce pour un ajustement optimal. Il n&rsquo;a pas de coutures pour \u00e9viter les frictions.<\/p>\n<p>Design avec Jacquard pour augmenter sa transpiration. Il offre une protection et un confort id\u00e9al gr\u00e2ce \u00e0 son imperm\u00e9abilit\u00e9 et sa respirabilit\u00e9 contre tous types d&rsquo;intemp\u00e9ries.<\/p>\n<p>R\u00e9sistant \u00e0 la transpiration, l\u00e9ger, doux et souple. Il procure une grande libert\u00e9 de mouvements, ainsi que soutien et confort.<\/p>\n","protected":false},"excerpt":{"rendered":"<p>Maillot Joma Brama classic<\/p>\n","protected":false},"featured_media":36633,"template":"","meta":[],"product_brand":[],"product_cat":[33,63],"product_tag":[],"class_list":{"0":"post-29398","1":"product","2":"type-product","3":"status-publish","4":"has-post-thumbnail","6":"product_cat-homme","7":"product_cat-polos-et-t-shirt-homme","8":"pa_couleur-verde","9":"pa_taille-l-xl","10":"pa_taille-s-m","12":"first","13":"outofstock","14":"purchasable","15":"product-type-variable"},"_links":{"self":[{"href":"https:\/\/accrosport.tn\/index.php\/wp-json\/wp\/v2\/product\/29398","targetHints":{"allow":["GET"]}}],"collection":[{"href":"https:\/\/accrosport.tn\/index.php\/wp-json\/wp\/v2\/product"}],"about":[{"href":"https:\/\/accrosport.tn\/index.php\/wp-json\/wp\/v2\/types\/product"}],"wp:featuredmedia":[{"embeddable":true,"href":"https:\/\/accrosport.tn\/index.php\/wp-json\/wp\/v2\/media\/36633"}],"wp:attachment":[{"href":"https:\/\/accrosport.tn\/index.php\/wp-json\/wp\/v2\/media?parent=29398"}],"wp:term":[{"taxonomy":"product_brand","embeddable":true,"href":"https:\/\/accrosport.tn\/index.php\/wp-json\/wp\/v2\/product_brand?post=29398"},{"taxonomy":"product_cat","embeddable":true,"href":"https:\/\/accrosport.tn\/index.php\/wp-json\/wp\/v2\/product_cat?post=29398"},{"taxonomy":"product_tag","embeddable":true,"href":"https:\/\/accrosport.tn\/index.php\/wp-json\/wp\/v2\/product_tag?post=29398"}],"curies":[{"name":"wp","href":"https:\/\/api.w.org\/{rel}","templated":true}]}}