{"id":29345,"date":"2025-09-26T11:17:24","date_gmt":"2025-09-26T11:17:24","guid":{"rendered":"https:\/\/accrosport.tn\/index.php\/product\/anorak-urban-v-negro\/"},"modified":"2025-12-29T08:10:37","modified_gmt":"2025-12-29T08:10:37","slug":"anorak-urban-v-negro","status":"publish","type":"product","link":"https:\/\/accrosport.tn\/index.php\/product\/anorak-urban-v-negro\/","title":{"rendered":"Anorak homme Urban V noir"},"content":{"rendered":"<p>Sa capuche est dot\u00e9e d&rsquo;une bande \u00e9lastique pour un ajustement facile. Elle est \u00e9galement dot\u00e9e d&rsquo;une fermeture \u00e9clair avec tirette, de deux poches ext\u00e9rieures \u00e0 fermeture \u00e9clair invisible, ainsi que de poignets et d&rsquo;un ourlet \u00e9lastiques. Les poches s\u00e9curis\u00e9es sont id\u00e9ales pour ranger de petits objets personnels.<\/p>\n<p>Cette veste est confectionn\u00e9e dans un tissu matelass\u00e9 tr\u00e8s l\u00e9ger, qui maintient la temp\u00e9rature corporelle constante et offre un confort optimal \u00e0 l&rsquo;athl\u00e8te. Son volume procure chaleur et l\u00e9g\u00e8ret\u00e9. Pour plus de confort, l&rsquo;anorak est dot\u00e9 d&rsquo;une bande de protection au niveau du menton, \u00e9vitant ainsi les frottements et les irritations.<\/p>\n<p>*Les cordons ne sont pas inclus dans les tailles Junior<\/p>\n<p>Logo Joma brod\u00e9.<\/p>\n","protected":false},"excerpt":{"rendered":"<p>Manteau matelass\u00e9 pour homme. Id\u00e9al pour l&rsquo;entra\u00eenement et le quotidien.<\/p>\n","protected":false},"featured_media":34677,"template":"","meta":[],"product_brand":[],"product_cat":[33,60],"product_tag":[],"class_list":{"0":"post-29345","1":"product","2":"type-product","3":"status-publish","4":"has-post-thumbnail","6":"product_cat-homme","7":"product_cat-parkas-homme","8":"pa_couleur-noir","9":"pa_taille-2xl","10":"pa_taille-3xl","11":"pa_taille-l","12":"pa_taille-m","13":"pa_taille-s","14":"pa_taille-xl","16":"first","17":"outofstock","18":"sale","19":"purchasable","20":"product-type-variable"},"_links":{"self":[{"href":"https:\/\/accrosport.tn\/index.php\/wp-json\/wp\/v2\/product\/29345","targetHints":{"allow":["GET"]}}],"collection":[{"href":"https:\/\/accrosport.tn\/index.php\/wp-json\/wp\/v2\/product"}],"about":[{"href":"https:\/\/accrosport.tn\/index.php\/wp-json\/wp\/v2\/types\/product"}],"wp:featuredmedia":[{"embeddable":true,"href":"https:\/\/accrosport.tn\/index.php\/wp-json\/wp\/v2\/media\/34677"}],"wp:attachment":[{"href":"https:\/\/accrosport.tn\/index.php\/wp-json\/wp\/v2\/media?parent=29345"}],"wp:term":[{"taxonomy":"product_brand","embeddable":true,"href":"https:\/\/accrosport.tn\/index.php\/wp-json\/wp\/v2\/product_brand?post=29345"},{"taxonomy":"product_cat","embeddable":true,"href":"https:\/\/accrosport.tn\/index.php\/wp-json\/wp\/v2\/product_cat?post=29345"},{"taxonomy":"product_tag","embeddable":true,"href":"https:\/\/accrosport.tn\/index.php\/wp-json\/wp\/v2\/product_tag?post=29345"}],"curies":[{"name":"wp","href":"https:\/\/api.w.org\/{rel}","templated":true}]}}