{"id":29305,"date":"2025-09-26T11:17:14","date_gmt":"2025-09-26T11:17:14","guid":{"rendered":"https:\/\/accrosport.tn\/index.php\/product\/polo-manga-corta-toledo-blanco-marino\/"},"modified":"2025-10-30T10:54:17","modified_gmt":"2025-10-30T10:54:17","slug":"polo-manga-corta-toledo-blanco-marino","status":"publish","type":"product","link":"https:\/\/accrosport.tn\/index.php\/product\/polo-manga-corta-toledo-blanco-marino\/","title":{"rendered":"Polo manches courtes homme Toledo blanc bleu marine"},"content":{"rendered":"<p>Il incorpore un col de type polo, fabriqu\u00e9 dans un tissu de base et boutonn\u00e9 pour faciliter la ventilation et \u00e9viter les \u00e9touffements pendant que vous bougez. Il comporte deux petites ouvertures sur le c\u00f4t\u00e9 inf\u00e9rieur pour am\u00e9liorer la libert\u00e9 de mouvement.<\/p>\n<p>Fabriqu\u00e9 avec un tissu de haute qualit\u00e9, r\u00e9sistant et \u00e9lastique, de mani\u00e8re \u00e0 offrir une bonne adaptabilit\u00e9 au corps du sportif. De plus, il \u00e9vacue rapidement la transpiration.<\/p>\n<p>Design avec des pi\u00e8ces contrast\u00e9es en couleur.<\/p>\n<p>Logo Joma brod\u00e9.<\/p>\n","protected":false},"excerpt":{"rendered":"<p>Polo \u00e0 manches courtes pour homme. Ce polo classique est con\u00e7u pour une utilisation quotidienne et pour l&rsquo;entra\u00eenement de plusieurs sports. Un v\u00eatement \u00e9l\u00e9gant, confortable et intemporel, parfait pour tout look sportif.<\/p>\n","protected":false},"featured_media":34781,"template":"","meta":[],"product_brand":[],"product_cat":[33,63],"product_tag":[],"class_list":{"0":"post-29305","1":"product","2":"type-product","3":"status-publish","4":"has-post-thumbnail","6":"product_cat-homme","7":"product_cat-polos-et-t-shirt-homme","8":"pa_couleur-white-navy-blue","9":"pa_taille-2xl","10":"pa_taille-l","11":"pa_taille-m","12":"pa_taille-s","13":"pa_taille-xl","14":"pa_taille-xs","16":"first","17":"outofstock","18":"purchasable","19":"product-type-variable"},"_links":{"self":[{"href":"https:\/\/accrosport.tn\/index.php\/wp-json\/wp\/v2\/product\/29305","targetHints":{"allow":["GET"]}}],"collection":[{"href":"https:\/\/accrosport.tn\/index.php\/wp-json\/wp\/v2\/product"}],"about":[{"href":"https:\/\/accrosport.tn\/index.php\/wp-json\/wp\/v2\/types\/product"}],"wp:featuredmedia":[{"embeddable":true,"href":"https:\/\/accrosport.tn\/index.php\/wp-json\/wp\/v2\/media\/34781"}],"wp:attachment":[{"href":"https:\/\/accrosport.tn\/index.php\/wp-json\/wp\/v2\/media?parent=29305"}],"wp:term":[{"taxonomy":"product_brand","embeddable":true,"href":"https:\/\/accrosport.tn\/index.php\/wp-json\/wp\/v2\/product_brand?post=29305"},{"taxonomy":"product_cat","embeddable":true,"href":"https:\/\/accrosport.tn\/index.php\/wp-json\/wp\/v2\/product_cat?post=29305"},{"taxonomy":"product_tag","embeddable":true,"href":"https:\/\/accrosport.tn\/index.php\/wp-json\/wp\/v2\/product_tag?post=29305"}],"curies":[{"name":"wp","href":"https:\/\/api.w.org\/{rel}","templated":true}]}}