{"id":29281,"date":"2025-09-26T11:17:04","date_gmt":"2025-09-26T11:17:04","guid":{"rendered":"https:\/\/accrosport.tn\/index.php\/product\/camiseta-manga-corta-toledo-blanco-marino\/"},"modified":"2025-10-30T15:24:15","modified_gmt":"2025-10-30T15:24:15","slug":"camiseta-manga-corta-toledo-blanco-marino","status":"publish","type":"product","link":"https:\/\/accrosport.tn\/index.php\/product\/camiseta-manga-corta-toledo-blanco-marino\/","title":{"rendered":"T-shirt \u00e0 manches courtes pour homme Toledo blanc et marine"},"content":{"rendered":"<p><span dir=\"auto\">Il pr\u00e9sente un col rond dans un tissu de base avec une bande de protection \u00e9lastique int\u00e9rieure pour am\u00e9liorer l&rsquo;ajustement et \u00e9viter les frottements sur la peau.<\/span><\/p>\n<p><span dir=\"auto\">Con\u00e7u en tissu extensible qui s&rsquo;adapte \u00e0 la morphologie de l&rsquo;athl\u00e8te et lui offre une grande libert\u00e9 de mouvement, ce v\u00eatement est \u00e9galement l\u00e9ger et \u00e9vacue la transpiration.<\/span><\/p>\n<p><span dir=\"auto\">Un design avec des d\u00e9coupes de couleurs contrast\u00e9es.<\/span><\/p>\n<p><span dir=\"auto\">Logo Joma brod\u00e9.<\/span><\/p>\n","protected":false},"excerpt":{"rendered":"<p>T-shirt \u00e0 manches courtes pour homme. Ce v\u00eatement multisports se distingue par sa l\u00e9g\u00e8ret\u00e9, son \u00e9lasticit\u00e9 et sa respirabilit\u00e9. Ses caract\u00e9ristiques techniques permettent d&rsquo;optimiser les performances sportives en comp\u00e9tition.<\/p>\n","protected":false},"featured_media":34833,"template":"","meta":[],"product_brand":[],"product_cat":[33,63],"product_tag":[],"class_list":{"0":"post-29281","1":"product","2":"type-product","3":"status-publish","4":"has-post-thumbnail","6":"product_cat-homme","7":"product_cat-polos-et-t-shirt-homme","8":"pa_couleur-white-navy-blue","9":"pa_taille-2xl","10":"pa_taille-l","11":"pa_taille-m","12":"pa_taille-s","13":"pa_taille-xl","15":"first","16":"outofstock","17":"purchasable","18":"product-type-variable"},"_links":{"self":[{"href":"https:\/\/accrosport.tn\/index.php\/wp-json\/wp\/v2\/product\/29281","targetHints":{"allow":["GET"]}}],"collection":[{"href":"https:\/\/accrosport.tn\/index.php\/wp-json\/wp\/v2\/product"}],"about":[{"href":"https:\/\/accrosport.tn\/index.php\/wp-json\/wp\/v2\/types\/product"}],"wp:featuredmedia":[{"embeddable":true,"href":"https:\/\/accrosport.tn\/index.php\/wp-json\/wp\/v2\/media\/34833"}],"wp:attachment":[{"href":"https:\/\/accrosport.tn\/index.php\/wp-json\/wp\/v2\/media?parent=29281"}],"wp:term":[{"taxonomy":"product_brand","embeddable":true,"href":"https:\/\/accrosport.tn\/index.php\/wp-json\/wp\/v2\/product_brand?post=29281"},{"taxonomy":"product_cat","embeddable":true,"href":"https:\/\/accrosport.tn\/index.php\/wp-json\/wp\/v2\/product_cat?post=29281"},{"taxonomy":"product_tag","embeddable":true,"href":"https:\/\/accrosport.tn\/index.php\/wp-json\/wp\/v2\/product_tag?post=29281"}],"curies":[{"name":"wp","href":"https:\/\/api.w.org\/{rel}","templated":true}]}}