{"id":29235,"date":"2025-09-26T11:16:51","date_gmt":"2025-09-26T11:16:51","guid":{"rendered":"https:\/\/accrosport.tn\/index.php\/product\/camiseta-manga-corta-court-tur\/"},"modified":"2025-10-31T10:32:33","modified_gmt":"2025-10-31T10:32:33","slug":"camiseta-manga-corta-court-tur","status":"publish","type":"product","link":"https:\/\/accrosport.tn\/index.php\/product\/camiseta-manga-corta-court-tur\/","title":{"rendered":"T-shirt manches courtes homme turquoise bleu marine"},"content":{"rendered":"<p>T-shirt \u00e0 manches courtes pour homme. Parfait pour les sports de raquette, comme le tennis, gr\u00e2ce \u00e0 ses avantages en termes de l\u00e9g\u00e8ret\u00e9 et de libert\u00e9 de mouvement. Con\u00e7u pour les joueurs recherchant de hautes performances. Pr\u00e9sente un col rond avec covertape int\u00e9rieur pour plus de confort. Fabriqu\u00e9 \u00e0 partir d&rsquo;un tissu de haute qualit\u00e9, l\u00e9ger, qui accompagne tous les mouvements. Sa r\u00e9sistance \u00e0 l&rsquo;abrasion et son entretien facile prolongent la durabilit\u00e9 du v\u00eatement. Design sublim\u00e9 avec des d\u00e9tails en contraste. Logo Joma brod\u00e9.<\/p>\n","protected":false},"excerpt":{"rendered":"<p>T-shirt \u00e0 manches courtes pour homme. Parfait pour les sports de raquette en raison de sa l\u00e9g\u00e8ret\u00e9 et de sa libert\u00e9 de mouvement. Le tissu de haute qualit\u00e9, tr\u00e8s r\u00e9sistant \u00e0 l&rsquo;abrasion, prolonge la durabilit\u00e9 du v\u00eatement. Con\u00e7u pour ceux qui cherchent \u00e0 atteindre des performances \u00e9lev\u00e9es.<\/p>\n","protected":false},"featured_media":34871,"template":"","meta":[],"product_brand":[],"product_cat":[33,63],"product_tag":[],"class_list":{"0":"post-29235","1":"product","2":"type-product","3":"status-publish","4":"has-post-thumbnail","6":"product_cat-homme","7":"product_cat-polos-et-t-shirt-homme","8":"pa_couleur-fluorescent-turquois","9":"pa_taille-l","10":"pa_taille-m","11":"pa_taille-s","13":"first","14":"outofstock","15":"purchasable","16":"product-type-variable"},"_links":{"self":[{"href":"https:\/\/accrosport.tn\/index.php\/wp-json\/wp\/v2\/product\/29235","targetHints":{"allow":["GET"]}}],"collection":[{"href":"https:\/\/accrosport.tn\/index.php\/wp-json\/wp\/v2\/product"}],"about":[{"href":"https:\/\/accrosport.tn\/index.php\/wp-json\/wp\/v2\/types\/product"}],"wp:featuredmedia":[{"embeddable":true,"href":"https:\/\/accrosport.tn\/index.php\/wp-json\/wp\/v2\/media\/34871"}],"wp:attachment":[{"href":"https:\/\/accrosport.tn\/index.php\/wp-json\/wp\/v2\/media?parent=29235"}],"wp:term":[{"taxonomy":"product_brand","embeddable":true,"href":"https:\/\/accrosport.tn\/index.php\/wp-json\/wp\/v2\/product_brand?post=29235"},{"taxonomy":"product_cat","embeddable":true,"href":"https:\/\/accrosport.tn\/index.php\/wp-json\/wp\/v2\/product_cat?post=29235"},{"taxonomy":"product_tag","embeddable":true,"href":"https:\/\/accrosport.tn\/index.php\/wp-json\/wp\/v2\/product_tag?post=29235"}],"curies":[{"name":"wp","href":"https:\/\/api.w.org\/{rel}","templated":true}]}}