{"id":29192,"date":"2025-09-26T11:16:40","date_gmt":"2025-09-26T11:16:40","guid":{"rendered":"https:\/\/accrosport.tn\/index.php\/product\/set-danubio-ii-blanco-marino-r\/"},"modified":"2025-12-18T14:14:00","modified_gmt":"2025-12-18T14:14:00","slug":"set-danubio-ii-blanco-marino-r","status":"publish","type":"product","link":"https:\/\/accrosport.tn\/index.php\/product\/set-danubio-ii-blanco-marino-r\/","title":{"rendered":"Set homme Danubio II blanc bleu marine"},"content":{"rendered":"<div class=\"collapseText\">\n<p>Ensemble homme\/gar\u00e7on compos\u00e9 d&rsquo;un t-shirt \u00e0 manches courtes et d&rsquo;un short. Indiqu\u00e9 pour les entra\u00eenements de football et de football en salle par temps chaud. Il s&rsquo;agit d&rsquo;un ensemble l\u00e9ger et respirant pour que le corps reste frais et sec pendant le match. Libert\u00e9 de mouvement et \u00e9vacuation de la transpiration dans un seul ensemble.<\/p>\n<p>Le t-shirt \u00e0 manches courtes se caract\u00e9rise par un col rond \u00e9lastique pour se d\u00e9placer en toute libert\u00e9. Dans la zone des c\u00f4t\u00e9s et des aisselles, il pr\u00e9sente un tissu respirant qui expulse la transpiration. Ainsi, elle ne g\u00eanera pas pendant le sport, et la peau sera s\u00e8che et fra\u00eeche en \u00e9vitant le refroidissement post-exercice.<\/p>\n<p>Le short poss\u00e8de une taille \u00e9lastique ajustable qui s&rsquo;adapte \u00e0 la silhouette. Il \u00e9vite les glissements du v\u00eatement et offre un double ajustement gr\u00e2ce aux cordons plats int\u00e9rieurs.<\/p>\n<p>Le tissu l\u00e9ger avec lequel il a \u00e9t\u00e9 confectionn\u00e9 vous \u00e9vitera d&rsquo;avoir trop chaud les jours de fortes temp\u00e9ratures et \u00e9vacuera la transpiration tout en gardant votre peau fra\u00eeche et s\u00e8che. Il est \u00e9galement r\u00e9sistant aux frottements et aux lavages, vous n&rsquo;aurez donc pas \u00e0 vous inqui\u00e9ter si vous tombez ou si vous vous tachez.<\/p>\n<p>Au niveau du visuel de ce surv\u00eatement de football, les pi\u00e8ces en couleurs contrast\u00e9es sur les c\u00f4t\u00e9s et les aisselles ressortent et donnent du style au v\u00eatement avec une touche moderne. Le short assorti compl\u00e8te un \u00e9quipement des plus r\u00e9volutionnaires.<\/p>\n<p>Logo Joma en imprim\u00e9 sur les deux v\u00eatements.<\/p>\n<\/div>\n","protected":false},"excerpt":{"rendered":"<p>Ensemble pour homme compos\u00e9 d&rsquo;un T-shirt \u00e0 manches courtes et d&rsquo;un short, adapt\u00e9 \u00e0 un usage sportif. Cet ensemble est fabriqu\u00e9 en tissu l\u00e9ger et durable. Entre autres avantages, il offre une libert\u00e9 de mouvement et un confort au sportif.<\/p>\n","protected":false},"featured_media":34915,"template":"","meta":[],"product_brand":[],"product_cat":[33,64],"product_tag":[],"class_list":{"0":"post-29192","1":"product","2":"type-product","3":"status-publish","4":"has-post-thumbnail","6":"product_cat-homme","7":"product_cat-survetements-homme","8":"pa_couleur-white-navy-royal","9":"pa_taille-2xl","10":"pa_taille-l","11":"pa_taille-xl","13":"first","14":"outofstock","15":"purchasable","16":"product-type-variable"},"_links":{"self":[{"href":"https:\/\/accrosport.tn\/index.php\/wp-json\/wp\/v2\/product\/29192","targetHints":{"allow":["GET"]}}],"collection":[{"href":"https:\/\/accrosport.tn\/index.php\/wp-json\/wp\/v2\/product"}],"about":[{"href":"https:\/\/accrosport.tn\/index.php\/wp-json\/wp\/v2\/types\/product"}],"wp:featuredmedia":[{"embeddable":true,"href":"https:\/\/accrosport.tn\/index.php\/wp-json\/wp\/v2\/media\/34915"}],"wp:attachment":[{"href":"https:\/\/accrosport.tn\/index.php\/wp-json\/wp\/v2\/media?parent=29192"}],"wp:term":[{"taxonomy":"product_brand","embeddable":true,"href":"https:\/\/accrosport.tn\/index.php\/wp-json\/wp\/v2\/product_brand?post=29192"},{"taxonomy":"product_cat","embeddable":true,"href":"https:\/\/accrosport.tn\/index.php\/wp-json\/wp\/v2\/product_cat?post=29192"},{"taxonomy":"product_tag","embeddable":true,"href":"https:\/\/accrosport.tn\/index.php\/wp-json\/wp\/v2\/product_tag?post=29192"}],"curies":[{"name":"wp","href":"https:\/\/api.w.org\/{rel}","templated":true}]}}