{"id":29109,"date":"2025-09-26T11:16:17","date_gmt":"2025-09-26T11:16:17","guid":{"rendered":"https:\/\/accrosport.tn\/index.php\/product\/set-atlanta-turquesa-fluor-neg\/"},"modified":"2025-11-12T15:37:55","modified_gmt":"2025-11-12T15:37:55","slug":"set-atlanta-turquesa-fluor-neg","status":"publish","type":"product","link":"https:\/\/accrosport.tn\/index.php\/product\/set-atlanta-turquesa-fluor-neg\/","title":{"rendered":"Ensemble homme Atlanta turquoise fluo noir"},"content":{"rendered":"<p>Ensemble compos\u00e9 d&rsquo;un maillot et d&rsquo;un short.<\/p>\n<p>Maillot tr\u00e8s l\u00e9ger sans manches, avec des ouvertures en bas sur les c\u00f4t\u00e9s et un col en V en jersey c\u00f4tel\u00e9 pour une plus grande libert\u00e9 de mouvement. Le dos est en tissu Micro mesh pour garantir une meilleure respirabilit\u00e9 et maintenir le corps au sec pendant la pratique sportive.<\/p>\n<p>Short \u00e0 ceinture \u00e9lastique r\u00e9glable \u00e0 l&rsquo;aide d&rsquo;un cordon de serrage. Inserts en silicone \u00e0 l&rsquo;int\u00e9rieur de la taille pour l&#8217;emp\u00eacher de glisser.<\/p>\n<ul class=\"featuresul\">\n<li>Sans manches<\/li>\n<li>Ceinture \u00e9lastique \u00e0 cordon<\/li>\n<li>Col V en jersey c\u00f4tel\u00e9<\/li>\n<li>Tissu l\u00e9ger et respirant<\/li>\n<li>Technologie Micro-Mesh dans les zones qui transpirent le plus<\/li>\n<li>Limite les mauvaises odeurs<\/li>\n<li>Libert\u00e9 de mouvement<\/li>\n<li>Type de coupe : r\u00e9guli\u00e8re<\/li>\n<li>Tissu principal 100% Polyester \/ Tissu contrastant 95% Polyester, 5% \u00c9lasthanne<\/li>\n<\/ul>\n","protected":false},"excerpt":{"rendered":"<p>Ensemble de basket-ball homme\/gar\u00e7on compos\u00e9 d&rsquo;un short et d&rsquo;un maillot sans manches avec des ouvertures sur les c\u00f4t\u00e9s pour faciliter la mobilit\u00e9. Cet ensemble respirant permet de garder le corps au sec pendant le jeu.<\/p>\n","protected":false},"featured_media":35208,"template":"","meta":[],"product_brand":[],"product_cat":[62,33,64],"product_tag":[],"class_list":{"0":"post-29109","1":"product","2":"type-product","3":"status-publish","4":"has-post-thumbnail","6":"product_cat-bermudas-et-shorts-homme","7":"product_cat-homme","8":"product_cat-survetements-homme","9":"pa_couleur-turquesa-fluor-negro","10":"pa_taille-2xl","11":"pa_taille-3xl","12":"pa_taille-l","13":"pa_taille-xl","15":"first","16":"outofstock","17":"purchasable","18":"product-type-variable"},"_links":{"self":[{"href":"https:\/\/accrosport.tn\/index.php\/wp-json\/wp\/v2\/product\/29109","targetHints":{"allow":["GET"]}}],"collection":[{"href":"https:\/\/accrosport.tn\/index.php\/wp-json\/wp\/v2\/product"}],"about":[{"href":"https:\/\/accrosport.tn\/index.php\/wp-json\/wp\/v2\/types\/product"}],"wp:featuredmedia":[{"embeddable":true,"href":"https:\/\/accrosport.tn\/index.php\/wp-json\/wp\/v2\/media\/35208"}],"wp:attachment":[{"href":"https:\/\/accrosport.tn\/index.php\/wp-json\/wp\/v2\/media?parent=29109"}],"wp:term":[{"taxonomy":"product_brand","embeddable":true,"href":"https:\/\/accrosport.tn\/index.php\/wp-json\/wp\/v2\/product_brand?post=29109"},{"taxonomy":"product_cat","embeddable":true,"href":"https:\/\/accrosport.tn\/index.php\/wp-json\/wp\/v2\/product_cat?post=29109"},{"taxonomy":"product_tag","embeddable":true,"href":"https:\/\/accrosport.tn\/index.php\/wp-json\/wp\/v2\/product_tag?post=29109"}],"curies":[{"name":"wp","href":"https:\/\/api.w.org\/{rel}","templated":true}]}}