{"id":29015,"date":"2025-09-25T15:23:51","date_gmt":"2025-09-25T15:23:51","guid":{"rendered":"https:\/\/accrosport.tn\/index.php\/product\/polo-manga-corta-confort-iii-g\/"},"modified":"2025-11-13T13:31:30","modified_gmt":"2025-11-13T13:31:30","slug":"polo-manga-corta-confort-iii-g","status":"publish","type":"product","link":"https:\/\/accrosport.tn\/index.php\/product\/polo-manga-corta-confort-iii-g\/","title":{"rendered":"Polo manches courtes homme Confort III gris melange"},"content":{"rendered":"<p>Polo Confort III 100 % coton l\u00e9ger. Le col et les poignets sont en jersey c\u00f4tel\u00e9 pour plus de confort. Il pr\u00e9sente une ouverture en bas sur les c\u00f4t\u00e9s pour une plus grande libert\u00e9 de mouvement. L\u00e9g\u00e8rement plus long \u00e0 l&rsquo;arri\u00e8re. Logo brod\u00e9.<\/p>\n<p>100 % coton<\/p>\n","protected":false},"excerpt":{"rendered":"<p>Polo en coton \u00e0 manches courtes homme\/gar\u00e7on. Confortable, doux et con\u00e7u pour optimiser la libert\u00e9 de mouvement.<\/p>\n","protected":false},"featured_media":35277,"template":"","meta":[],"product_brand":[],"product_cat":[33,63],"product_tag":[],"class_list":{"0":"post-29015","1":"product","2":"type-product","3":"status-publish","4":"has-post-thumbnail","6":"product_cat-homme","7":"product_cat-polos-et-t-shirt-homme","8":"pa_couleur-gris","9":"pa_taille-m","10":"pa_taille-xl","12":"first","13":"outofstock","14":"purchasable","15":"product-type-variable"},"_links":{"self":[{"href":"https:\/\/accrosport.tn\/index.php\/wp-json\/wp\/v2\/product\/29015","targetHints":{"allow":["GET"]}}],"collection":[{"href":"https:\/\/accrosport.tn\/index.php\/wp-json\/wp\/v2\/product"}],"about":[{"href":"https:\/\/accrosport.tn\/index.php\/wp-json\/wp\/v2\/types\/product"}],"wp:featuredmedia":[{"embeddable":true,"href":"https:\/\/accrosport.tn\/index.php\/wp-json\/wp\/v2\/media\/35277"}],"wp:attachment":[{"href":"https:\/\/accrosport.tn\/index.php\/wp-json\/wp\/v2\/media?parent=29015"}],"wp:term":[{"taxonomy":"product_brand","embeddable":true,"href":"https:\/\/accrosport.tn\/index.php\/wp-json\/wp\/v2\/product_brand?post=29015"},{"taxonomy":"product_cat","embeddable":true,"href":"https:\/\/accrosport.tn\/index.php\/wp-json\/wp\/v2\/product_cat?post=29015"},{"taxonomy":"product_tag","embeddable":true,"href":"https:\/\/accrosport.tn\/index.php\/wp-json\/wp\/v2\/product_tag?post=29015"}],"curies":[{"name":"wp","href":"https:\/\/api.w.org\/{rel}","templated":true}]}}