{"id":28979,"date":"2025-09-25T15:23:40","date_gmt":"2025-09-25T15:23:40","guid":{"rendered":"https:\/\/accrosport.tn\/index.php\/product\/polo-manga-corta-championship-2\/"},"modified":"2025-11-13T14:36:27","modified_gmt":"2025-11-13T14:36:27","slug":"polo-manga-corta-championship-2","status":"publish","type":"product","link":"https:\/\/accrosport.tn\/index.php\/product\/polo-manga-corta-championship-2\/","title":{"rendered":"Polo manches courtes homme Championship VI rouge blanc"},"content":{"rendered":"<p>Polo \u00e0 manches courtes pour homme\/gar\u00e7on. Convient pour tous les sports par temps chaud ou pour un usage quotidien, gr\u00e2ce \u00e0 sa polyvalence. Fabriqu\u00e9 \u00e0 partir d\u2019un m\u00e9lange de coton doux et respirant, il pr\u00e9sente un design qui allie confort et style.<\/p>\n<p>Il est dot\u00e9 d\u2019un col polo et d\u2019une patte de boutonnage personnalis\u00e9e \u00e0 trois boutons. Le col et les manches sont c\u00f4tel\u00e9s pour un ajustement et un confort optimaux.<\/p>\n<p>Il est fabriqu\u00e9 \u00e0 partir d\u2019un tissu l\u00e9ger et respirant, de sorte que la transpiration ne le g\u00eane pas. De plus, il incorpore du coton, ce qui lui conf\u00e8re de la douceur pour un confort maximal pendant le sport. En bref, il offre le confort dont vous avez besoin pour bouger librement. Tr\u00e8s r\u00e9sistant et durable au lavage.<\/p>\n<p>Il pr\u00e9sente un design basique, \u00e9l\u00e9gant et sportif \u00e0 la fois. Tr\u00e8s facile \u00e0 combiner avec n\u2019importe quel pantalon technique.<\/p>\n<p>Logo Joma brod\u00e9.<\/p>\n<ul class=\"featuresul\">\n<li>Poignets en jersey c\u00f4tel\u00e9<\/li>\n<li>Col polo en jersey c\u00f4tel\u00e9<\/li>\n<li>Tissu confortable<\/li>\n<li>Logo brod\u00e9<\/li>\n<li>Type de coupe : r\u00e9guli\u00e8re<\/li>\n<li>94% Polyester, 6% Coton<\/li>\n<\/ul>\n","protected":false},"excerpt":{"rendered":"<p>Polo \u00e0 manches courtes homme\/gar\u00e7on. Le col est boutonn\u00e9 et les manches s&rsquo;ajustent pour un confort optimal.<\/p>\n","protected":false},"featured_media":35313,"template":"","meta":[],"product_brand":[],"product_cat":[33,63],"product_tag":[],"class_list":{"0":"post-28979","1":"product","2":"type-product","3":"status-publish","4":"has-post-thumbnail","6":"product_cat-homme","7":"product_cat-polos-et-t-shirt-homme","8":"pa_couleur-rojo-blanco","9":"pa_taille-l","10":"pa_taille-m","11":"pa_taille-xl","13":"first","14":"outofstock","15":"purchasable","16":"product-type-variable"},"_links":{"self":[{"href":"https:\/\/accrosport.tn\/index.php\/wp-json\/wp\/v2\/product\/28979","targetHints":{"allow":["GET"]}}],"collection":[{"href":"https:\/\/accrosport.tn\/index.php\/wp-json\/wp\/v2\/product"}],"about":[{"href":"https:\/\/accrosport.tn\/index.php\/wp-json\/wp\/v2\/types\/product"}],"wp:featuredmedia":[{"embeddable":true,"href":"https:\/\/accrosport.tn\/index.php\/wp-json\/wp\/v2\/media\/35313"}],"wp:attachment":[{"href":"https:\/\/accrosport.tn\/index.php\/wp-json\/wp\/v2\/media?parent=28979"}],"wp:term":[{"taxonomy":"product_brand","embeddable":true,"href":"https:\/\/accrosport.tn\/index.php\/wp-json\/wp\/v2\/product_brand?post=28979"},{"taxonomy":"product_cat","embeddable":true,"href":"https:\/\/accrosport.tn\/index.php\/wp-json\/wp\/v2\/product_cat?post=28979"},{"taxonomy":"product_tag","embeddable":true,"href":"https:\/\/accrosport.tn\/index.php\/wp-json\/wp\/v2\/product_tag?post=28979"}],"curies":[{"name":"wp","href":"https:\/\/api.w.org\/{rel}","templated":true}]}}