{"id":28964,"date":"2025-09-25T15:23:34","date_gmt":"2025-09-25T15:23:34","guid":{"rendered":"https:\/\/accrosport.tn\/index.php\/product\/camiseta-manga-corta-winner-ii\/"},"modified":"2025-10-10T09:51:29","modified_gmt":"2025-10-10T09:51:29","slug":"camiseta-manga-corta-winner-ii","status":"publish","type":"product","link":"https:\/\/accrosport.tn\/index.php\/product\/camiseta-manga-corta-winner-ii\/","title":{"rendered":"T-shirt manches courtes homme Winner II royal"},"content":{"rendered":"<p>T-shirt \u00e0 manches courtes homme\/gar\u00e7on. Mod\u00e8le technique multisport, particuli\u00e8rement confortable pour les sports tels que le football ou le futsal. Dot\u00e9 d\u2019une technologie de r\u00e9gulation de l\u2019humidit\u00e9. Libert\u00e9 de mouvement garantie.<\/p>\n<p>Col rond en tissu de base avec rev\u00eatement int\u00e9rieur extensible pour \u00e9viter les frottements sur la peau. Il est extensible pour faciliter l\u2019ajustement du v\u00eatement.<\/p>\n<p>Fabriqu\u00e9 avec un tissu de haute qualit\u00e9, l\u00e9ger et tr\u00e8s r\u00e9sistant \u00e0 l\u2019abrasion pour augmenter sa durabilit\u00e9. Dans le dos, il est dot\u00e9 de la technologie Micro-Mesh System, qui permet d\u2019\u00e9vacuer la transpiration et de maintenir la temp\u00e9rature corporelle constante. Elle emp\u00eache \u00e9galement le d\u00e9veloppement d\u2019odeurs corporelles. Coutures avant pour une meilleure adaptabilit\u00e9.<\/p>\n<p>Logos Joma en imprim\u00e9.<\/p>\n","protected":false},"excerpt":{"rendered":"<p>T-shirt homme \u00e0 manches courtes. L\u00e9ger et respirant pour garder le corps au sec pendant la pratique sportive.<\/p>\n","protected":false},"featured_media":33941,"template":"","meta":[],"product_brand":[],"product_cat":[33,63],"product_tag":[],"class_list":{"0":"post-28964","1":"product","2":"type-product","3":"status-publish","4":"has-post-thumbnail","6":"product_cat-homme","7":"product_cat-polos-et-t-shirt-homme","8":"pa_couleur-royal","9":"pa_taille-m","10":"pa_taille-xl","12":"first","13":"outofstock","14":"purchasable","15":"product-type-variable"},"_links":{"self":[{"href":"https:\/\/accrosport.tn\/index.php\/wp-json\/wp\/v2\/product\/28964","targetHints":{"allow":["GET"]}}],"collection":[{"href":"https:\/\/accrosport.tn\/index.php\/wp-json\/wp\/v2\/product"}],"about":[{"href":"https:\/\/accrosport.tn\/index.php\/wp-json\/wp\/v2\/types\/product"}],"wp:featuredmedia":[{"embeddable":true,"href":"https:\/\/accrosport.tn\/index.php\/wp-json\/wp\/v2\/media\/33941"}],"wp:attachment":[{"href":"https:\/\/accrosport.tn\/index.php\/wp-json\/wp\/v2\/media?parent=28964"}],"wp:term":[{"taxonomy":"product_brand","embeddable":true,"href":"https:\/\/accrosport.tn\/index.php\/wp-json\/wp\/v2\/product_brand?post=28964"},{"taxonomy":"product_cat","embeddable":true,"href":"https:\/\/accrosport.tn\/index.php\/wp-json\/wp\/v2\/product_cat?post=28964"},{"taxonomy":"product_tag","embeddable":true,"href":"https:\/\/accrosport.tn\/index.php\/wp-json\/wp\/v2\/product_tag?post=28964"}],"curies":[{"name":"wp","href":"https:\/\/api.w.org\/{rel}","templated":true}]}}