{"id":28907,"date":"2025-09-25T15:23:19","date_gmt":"2025-09-25T15:23:19","guid":{"rendered":"https:\/\/accrosport.tn\/index.php\/product\/set-academy-ii-blanco-marino-m\/"},"modified":"2025-10-30T14:27:03","modified_gmt":"2025-10-30T14:27:03","slug":"set-academy-ii-blanco-marino-m","status":"publish","type":"product","link":"https:\/\/accrosport.tn\/index.php\/product\/set-academy-ii-blanco-marino-m\/","title":{"rendered":"SET ACADEMY II BLANC-MARINE M"},"content":{"rendered":"<p>Ensemble compos\u00e9 d&rsquo;un t-shirt col rond aux d\u00e9coupes contrast\u00e9es sur le devant et d&rsquo;un pantalon \u00e0 taille \u00e9lastique \u00e0 double r\u00e9glage et cordon de serrage.<\/p>\n<p>Logo imprim\u00e9.<\/p>\n<p><span dir=\"auto\">Type de coupe : Semi \u00e9quip\u00e9<\/span><span dir=\"auto\">\u00a0PRO<\/span><\/p>\n<div class=\"product__characteristic\">\n<div class=\"product__characteristic-name\"><span dir=\"auto\">Mat\u00e9riel: <\/span><span dir=\"auto\">Interlock 100 % polyester<\/span><\/div>\n<\/div>\n","protected":false},"excerpt":{"rendered":"<p>Ensemble compos\u00e9 d&rsquo;un t-shirt col rond aux d\u00e9coupes contrast\u00e9es sur le devant et d&rsquo;un pantalon \u00e0 taille \u00e9lastique.<\/p>\n","protected":false},"featured_media":34154,"template":"","meta":[],"product_brand":[],"product_cat":[33,64],"product_tag":[],"class_list":{"0":"post-28907","1":"product","2":"type-product","3":"status-publish","4":"has-post-thumbnail","6":"product_cat-homme","7":"product_cat-survetements-homme","8":"pa_couleur-blanco-marino","9":"pa_taille-2xl-3xl","10":"pa_taille-s","11":"pa_taille-xl","13":"first","14":"outofstock","15":"purchasable","16":"product-type-variable"},"_links":{"self":[{"href":"https:\/\/accrosport.tn\/index.php\/wp-json\/wp\/v2\/product\/28907","targetHints":{"allow":["GET"]}}],"collection":[{"href":"https:\/\/accrosport.tn\/index.php\/wp-json\/wp\/v2\/product"}],"about":[{"href":"https:\/\/accrosport.tn\/index.php\/wp-json\/wp\/v2\/types\/product"}],"wp:featuredmedia":[{"embeddable":true,"href":"https:\/\/accrosport.tn\/index.php\/wp-json\/wp\/v2\/media\/34154"}],"wp:attachment":[{"href":"https:\/\/accrosport.tn\/index.php\/wp-json\/wp\/v2\/media?parent=28907"}],"wp:term":[{"taxonomy":"product_brand","embeddable":true,"href":"https:\/\/accrosport.tn\/index.php\/wp-json\/wp\/v2\/product_brand?post=28907"},{"taxonomy":"product_cat","embeddable":true,"href":"https:\/\/accrosport.tn\/index.php\/wp-json\/wp\/v2\/product_cat?post=28907"},{"taxonomy":"product_tag","embeddable":true,"href":"https:\/\/accrosport.tn\/index.php\/wp-json\/wp\/v2\/product_tag?post=28907"}],"curies":[{"name":"wp","href":"https:\/\/api.w.org\/{rel}","templated":true}]}}