{"id":28841,"date":"2025-09-25T15:23:03","date_gmt":"2025-09-25T15:23:03","guid":{"rendered":"https:\/\/accrosport.tn\/index.php\/product\/chubasquero-cervino-negro\/"},"modified":"2026-02-10T09:43:36","modified_gmt":"2026-02-10T09:43:36","slug":"chubasquero-cervino-negro","status":"publish","type":"product","link":"https:\/\/accrosport.tn\/index.php\/product\/chubasquero-cervino-negro\/","title":{"rendered":"Imperm\u00e9able homme Cervino noir"},"content":{"rendered":"<p>Imperm\u00e9able mi-long avec fermeture \u00e9clair et capuche. Comprend une poche int\u00e9rieure et deux poches ext\u00e9rieures zipp\u00e9es. Tissu imperm\u00e9able et isolant thermique. Poignets c\u00f4tel\u00e9s pour un ajustement parfait. Logo brod\u00e9.<\/p>\n","protected":false},"excerpt":{"rendered":"<p>Veste de pluie homme\/gar\u00e7on, imperm\u00e9able et coupe-vent. Dot\u00e9e d&rsquo;une fermeture zipp\u00e9e, cette veste imperm\u00e9able deviendra un indispensable pour vos entra\u00eenements ou vos sorties sous la pluie.<\/p>\n","protected":false},"featured_media":34416,"template":"","meta":[],"product_brand":[],"product_cat":[33,60],"product_tag":[],"class_list":{"0":"post-28841","1":"product","2":"type-product","3":"status-publish","4":"has-post-thumbnail","6":"product_cat-homme","7":"product_cat-parkas-homme","8":"pa_couleur-negro","9":"pa_taille-2xl","10":"pa_taille-xl","12":"first","13":"outofstock","14":"sale","15":"purchasable","16":"product-type-variable"},"_links":{"self":[{"href":"https:\/\/accrosport.tn\/index.php\/wp-json\/wp\/v2\/product\/28841","targetHints":{"allow":["GET"]}}],"collection":[{"href":"https:\/\/accrosport.tn\/index.php\/wp-json\/wp\/v2\/product"}],"about":[{"href":"https:\/\/accrosport.tn\/index.php\/wp-json\/wp\/v2\/types\/product"}],"wp:featuredmedia":[{"embeddable":true,"href":"https:\/\/accrosport.tn\/index.php\/wp-json\/wp\/v2\/media\/34416"}],"wp:attachment":[{"href":"https:\/\/accrosport.tn\/index.php\/wp-json\/wp\/v2\/media?parent=28841"}],"wp:term":[{"taxonomy":"product_brand","embeddable":true,"href":"https:\/\/accrosport.tn\/index.php\/wp-json\/wp\/v2\/product_brand?post=28841"},{"taxonomy":"product_cat","embeddable":true,"href":"https:\/\/accrosport.tn\/index.php\/wp-json\/wp\/v2\/product_cat?post=28841"},{"taxonomy":"product_tag","embeddable":true,"href":"https:\/\/accrosport.tn\/index.php\/wp-json\/wp\/v2\/product_tag?post=28841"}],"curies":[{"name":"wp","href":"https:\/\/api.w.org\/{rel}","templated":true}]}}