{"id":28819,"date":"2025-09-25T15:22:57","date_gmt":"2025-09-25T15:22:57","guid":{"rendered":"https:\/\/accrosport.tn\/index.php\/product\/set-roma-ii-rojo-negro-m-c\/"},"modified":"2025-11-13T15:06:45","modified_gmt":"2025-11-13T15:06:45","slug":"set-roma-ii-rojo-negro-m-c","status":"publish","type":"product","link":"https:\/\/accrosport.tn\/index.php\/product\/set-roma-ii-rojo-negro-m-c\/","title":{"rendered":"SET ROMA II ROJO-NEGRO M\/C"},"content":{"rendered":"<p>Ensemble t-shirt et short. T-shirt \u00e0 col rond avec empi\u00e8cement contrastant aux \u00e9paules, dot\u00e9 de notre syst\u00e8me de coutures renforc\u00e9es pour un confort optimal et une protection contre les frottements. Logos s\u00e9rigraphi\u00e9s sur les manches et broderie sur le devant. Le short est compos\u00e9 de deux pi\u00e8ces de couleurs contrast\u00e9es.<\/p>\n<p><strong>D\u00e9tails:<\/strong><\/p>\n<p><strong>Composition:<\/strong><\/p>\n<p>Tissu 1 : 100 % polyester interlock<\/p>\n<p>Tissu 2 : Maille 100 % polyester<\/p>\n<p><strong>Poches :<\/strong><\/p>\n<p>Pas de poches<\/p>\n<p><strong>Logo:<\/strong><\/p>\n<p>Logo brod\u00e9 sur le devant et logo s\u00e9rigraphi\u00e9 sur les \u00e9paules<\/p>\n<p><strong>Caract\u00e9ristiques:<\/strong><\/p>\n<p>Couleur contrastante sur l&rsquo;\u00e9paule de la chemise et du short<\/p>\n","protected":false},"excerpt":{"rendered":"<p>Ensemble t-shirt et short. T-shirt \u00e0 col rond avec empi\u00e8cement contrastant aux \u00e9paules, dot\u00e9 de notre syst\u00e8me de coutures renforc\u00e9es pour un confort optimal et une protection contre les frottements. Logos s\u00e9rigraphi\u00e9s sur les manches et broderie sur le devant. Le short est compos\u00e9 de deux pi\u00e8ces de couleurs contrast\u00e9es.<\/p>\n","protected":false},"featured_media":35323,"template":"","meta":[],"product_brand":[],"product_cat":[33,64],"product_tag":[],"class_list":{"0":"post-28819","1":"product","2":"type-product","3":"status-publish","4":"has-post-thumbnail","6":"product_cat-homme","7":"product_cat-survetements-homme","8":"pa_couleur-rojo-negro","9":"pa_taille-2xl-3xl","11":"first","12":"instock","13":"purchasable","14":"product-type-simple"},"_links":{"self":[{"href":"https:\/\/accrosport.tn\/index.php\/wp-json\/wp\/v2\/product\/28819","targetHints":{"allow":["GET"]}}],"collection":[{"href":"https:\/\/accrosport.tn\/index.php\/wp-json\/wp\/v2\/product"}],"about":[{"href":"https:\/\/accrosport.tn\/index.php\/wp-json\/wp\/v2\/types\/product"}],"wp:featuredmedia":[{"embeddable":true,"href":"https:\/\/accrosport.tn\/index.php\/wp-json\/wp\/v2\/media\/35323"}],"wp:attachment":[{"href":"https:\/\/accrosport.tn\/index.php\/wp-json\/wp\/v2\/media?parent=28819"}],"wp:term":[{"taxonomy":"product_brand","embeddable":true,"href":"https:\/\/accrosport.tn\/index.php\/wp-json\/wp\/v2\/product_brand?post=28819"},{"taxonomy":"product_cat","embeddable":true,"href":"https:\/\/accrosport.tn\/index.php\/wp-json\/wp\/v2\/product_cat?post=28819"},{"taxonomy":"product_tag","embeddable":true,"href":"https:\/\/accrosport.tn\/index.php\/wp-json\/wp\/v2\/product_tag?post=28819"}],"curies":[{"name":"wp","href":"https:\/\/api.w.org\/{rel}","templated":true}]}}