{"id":28734,"date":"2025-09-25T15:22:36","date_gmt":"2025-09-25T15:22:36","guid":{"rendered":"https:\/\/accrosport.tn\/index.php\/product\/pantalon-largo-brama-academy-b\/"},"modified":"2025-10-24T08:51:36","modified_gmt":"2025-10-24T08:51:36","slug":"pantalon-largo-brama-academy-b","status":"publish","type":"product","link":"https:\/\/accrosport.tn\/index.php\/product\/pantalon-largo-brama-academy-b\/","title":{"rendered":"Pantalon longs homme Brama Academy blanc"},"content":{"rendered":"<p><span dir=\"auto\">Collants longs pour homme\/gar\u00e7on. La ligne, dot\u00e9e de la technologie thermique BRAMA, allie parfaitement thermor\u00e9gulation et respirabilit\u00e9. Ils se caract\u00e9risent par une grande libert\u00e9 de mouvement, ainsi que par un maintien et un confort optimaux.<\/span><\/p>\n<p><span dir=\"auto\">Il int\u00e8gre une ceinture \u00e9lastique qui s&rsquo;adapte \u00e0 toutes les morphologies sans comprimer. Sa construction avec coutures plates Flatlock pr\u00e9vient les irritations et am\u00e9liore le confort.<\/span><\/p>\n<p><span dir=\"auto\">Fabriqu\u00e9 dans un tissu r\u00e9sistant \u00e0 la transpiration, l\u00e9ger, doux et flexible, il maintient la temp\u00e9rature corporelle de l&rsquo;athl\u00e8te \u00e0 un niveau constant gr\u00e2ce \u00e0 sa respirabilit\u00e9.<\/span><\/p>\n<p><span dir=\"auto\">Logo Joma en impression.<\/span><\/p>\n","protected":false},"excerpt":{"rendered":"<p>Ces collants thermiques unisexes prot\u00e8gent du froid. Ils offrent un confort optimal et sont ultra-ajust\u00e9s pour un maintien optimal.<\/p>\n","protected":false},"featured_media":34497,"template":"","meta":[],"product_brand":[],"product_cat":[62,33],"product_tag":[],"class_list":{"0":"post-28734","1":"product","2":"type-product","3":"status-publish","4":"has-post-thumbnail","6":"product_cat-bermudas-et-shorts-homme","7":"product_cat-homme","8":"pa_couleur-white","9":"pa_taille-l-xl","10":"pa_taille-s-m","12":"first","13":"outofstock","14":"purchasable","15":"product-type-variable"},"_links":{"self":[{"href":"https:\/\/accrosport.tn\/index.php\/wp-json\/wp\/v2\/product\/28734","targetHints":{"allow":["GET"]}}],"collection":[{"href":"https:\/\/accrosport.tn\/index.php\/wp-json\/wp\/v2\/product"}],"about":[{"href":"https:\/\/accrosport.tn\/index.php\/wp-json\/wp\/v2\/types\/product"}],"wp:featuredmedia":[{"embeddable":true,"href":"https:\/\/accrosport.tn\/index.php\/wp-json\/wp\/v2\/media\/34497"}],"wp:attachment":[{"href":"https:\/\/accrosport.tn\/index.php\/wp-json\/wp\/v2\/media?parent=28734"}],"wp:term":[{"taxonomy":"product_brand","embeddable":true,"href":"https:\/\/accrosport.tn\/index.php\/wp-json\/wp\/v2\/product_brand?post=28734"},{"taxonomy":"product_cat","embeddable":true,"href":"https:\/\/accrosport.tn\/index.php\/wp-json\/wp\/v2\/product_cat?post=28734"},{"taxonomy":"product_tag","embeddable":true,"href":"https:\/\/accrosport.tn\/index.php\/wp-json\/wp\/v2\/product_tag?post=28734"}],"curies":[{"name":"wp","href":"https:\/\/api.w.org\/{rel}","templated":true}]}}