{"id":28695,"date":"2025-09-25T11:00:57","date_gmt":"2025-09-25T11:00:57","guid":{"rendered":"https:\/\/accrosport.tn\/index.php\/product\/tokio-ii-short-white-royal\/"},"modified":"2025-10-27T13:42:21","modified_gmt":"2025-10-27T13:42:21","slug":"tokio-ii-short-white-royal","status":"publish","type":"product","link":"https:\/\/accrosport.tn\/index.php\/product\/tokio-ii-short-white-royal\/","title":{"rendered":"Short homme Tokio II blanc royal"},"content":{"rendered":"<p>Shorts avec des ouvertures lat\u00e9rales sur les c\u00f4t\u00e9s et une pi\u00e8ce con\u00e7ue avec un contraste de couleur dans la partie arri\u00e8re et lat\u00e9rale. Ceinture \u00e9lastique r\u00e9glable avec un cordon. Avec MICRO-MESH, une technologie capable de contr\u00f4ler l&rsquo;humidit\u00e9 corporelle du sportif.<\/p>\n","protected":false},"excerpt":{"rendered":"<p>Short homme\/enfant. Totale libert\u00e9 de mouvement. Le tissu respirant absorbe la transpiration pendant l&rsquo;effort.<\/p>\n","protected":false},"featured_media":34570,"template":"","meta":[],"product_brand":[],"product_cat":[62,33],"product_tag":[],"class_list":{"0":"post-28695","1":"product","2":"type-product","3":"status-publish","4":"has-post-thumbnail","6":"product_cat-bermudas-et-shorts-homme","7":"product_cat-homme","8":"pa_couleur-blanco-royal","9":"pa_taille-l","10":"pa_taille-m","11":"pa_taille-s","13":"first","14":"outofstock","15":"purchasable","16":"product-type-variable"},"_links":{"self":[{"href":"https:\/\/accrosport.tn\/index.php\/wp-json\/wp\/v2\/product\/28695","targetHints":{"allow":["GET"]}}],"collection":[{"href":"https:\/\/accrosport.tn\/index.php\/wp-json\/wp\/v2\/product"}],"about":[{"href":"https:\/\/accrosport.tn\/index.php\/wp-json\/wp\/v2\/types\/product"}],"wp:featuredmedia":[{"embeddable":true,"href":"https:\/\/accrosport.tn\/index.php\/wp-json\/wp\/v2\/media\/34570"}],"wp:attachment":[{"href":"https:\/\/accrosport.tn\/index.php\/wp-json\/wp\/v2\/media?parent=28695"}],"wp:term":[{"taxonomy":"product_brand","embeddable":true,"href":"https:\/\/accrosport.tn\/index.php\/wp-json\/wp\/v2\/product_brand?post=28695"},{"taxonomy":"product_cat","embeddable":true,"href":"https:\/\/accrosport.tn\/index.php\/wp-json\/wp\/v2\/product_cat?post=28695"},{"taxonomy":"product_tag","embeddable":true,"href":"https:\/\/accrosport.tn\/index.php\/wp-json\/wp\/v2\/product_tag?post=28695"}],"curies":[{"name":"wp","href":"https:\/\/api.w.org\/{rel}","templated":true}]}}