{"id":28630,"date":"2025-09-25T11:00:42","date_gmt":"2025-09-25T11:00:42","guid":{"rendered":"https:\/\/accrosport.tn\/index.php\/product\/t-shirt-basic-navy-sleeveless\/"},"modified":"2025-10-28T14:46:20","modified_gmt":"2025-10-28T14:46:20","slug":"t-shirt-basic-navy-sleeveless","status":"publish","type":"product","link":"https:\/\/accrosport.tn\/index.php\/product\/t-shirt-basic-navy-sleeveless\/","title":{"rendered":"T-shirt sans manches homme Combi bleu marine"},"content":{"rendered":"<p>Maillot sans manches avec col en V Avec MICRO-MESH, une technologie capable de contr\u00f4ler la transpiration du sportif.<\/p>\n<p>Sans manches<br \/>\nTissu l\u00e9ger et r\u00e9sistant<br \/>\nComprend la technologie Micro-Mesh dans les zones de forte transpiration<br \/>\nLimite les mauvaises odeurs<br \/>\nLibert\u00e9 de mouvement<br \/>\nType de coupe : semi-ajust\u00e9e<br \/>\n100% polyester<\/p>\n","protected":false},"excerpt":{"rendered":"<p>D\u00e9bardeur de basket-ball et de fitness pour homme\/gar\u00e7on. Sa conception flexible offre une grande libert\u00e9 de mouvement. De plus, il int\u00e8gre une technologie respirante qui \u00e9vacue la transpiration et pr\u00e9vient les mauvaises odeurs.<\/p>\n","protected":false},"featured_media":34646,"template":"","meta":[],"product_brand":[],"product_cat":[33,63],"product_tag":[],"class_list":{"0":"post-28630","1":"product","2":"type-product","3":"status-publish","4":"has-post-thumbnail","6":"product_cat-homme","7":"product_cat-polos-et-t-shirt-homme","8":"pa_couleur-marino","9":"pa_taille-l","10":"pa_taille-m","11":"pa_taille-s","12":"pa_taille-xs","14":"first","15":"outofstock","16":"purchasable","17":"product-type-variable"},"_links":{"self":[{"href":"https:\/\/accrosport.tn\/index.php\/wp-json\/wp\/v2\/product\/28630","targetHints":{"allow":["GET"]}}],"collection":[{"href":"https:\/\/accrosport.tn\/index.php\/wp-json\/wp\/v2\/product"}],"about":[{"href":"https:\/\/accrosport.tn\/index.php\/wp-json\/wp\/v2\/types\/product"}],"wp:featuredmedia":[{"embeddable":true,"href":"https:\/\/accrosport.tn\/index.php\/wp-json\/wp\/v2\/media\/34646"}],"wp:attachment":[{"href":"https:\/\/accrosport.tn\/index.php\/wp-json\/wp\/v2\/media?parent=28630"}],"wp:term":[{"taxonomy":"product_brand","embeddable":true,"href":"https:\/\/accrosport.tn\/index.php\/wp-json\/wp\/v2\/product_brand?post=28630"},{"taxonomy":"product_cat","embeddable":true,"href":"https:\/\/accrosport.tn\/index.php\/wp-json\/wp\/v2\/product_cat?post=28630"},{"taxonomy":"product_tag","embeddable":true,"href":"https:\/\/accrosport.tn\/index.php\/wp-json\/wp\/v2\/product_tag?post=28630"}],"curies":[{"name":"wp","href":"https:\/\/api.w.org\/{rel}","templated":true}]}}