{"id":28574,"date":"2025-09-25T11:00:25","date_gmt":"2025-09-25T11:00:25","guid":{"rendered":"https:\/\/accrosport.tn\/index.php\/product\/pantalon-corto-pasarela-gris\/"},"modified":"2025-10-01T15:16:46","modified_gmt":"2025-10-01T15:16:46","slug":"pantalon-corto-pasarela-gris","status":"publish","type":"product","link":"https:\/\/accrosport.tn\/index.php\/product\/pantalon-corto-pasarela-gris\/","title":{"rendered":"Short court PASARELA GRIS"},"content":{"rendered":"<p>Sa mati\u00e8re laisse passer l&rsquo;air, assurant une ventilation essentielle.<br \/>\nSes coutures sont tr\u00e8s r\u00e9sistantes et n&rsquo;irritent pas la peau pendant les matchs et les entra\u00eenements.<br \/>\nJoma dispose de son propre centre de recherche et d\u00e9veloppement qui d\u00e9veloppe et teste les nouvelles technologies utilis\u00e9es dans ses produits.<\/p>\n","protected":false},"excerpt":{"rendered":"<p>Short de jeu PASARELA de Joma confortable et pratique. Confectionn\u00e9 avec les derni\u00e8res technologies pour garder les athl\u00e8tes au sec pendant l&rsquo;effort.<\/p>\n","protected":false},"featured_media":31776,"template":"","meta":[],"product_brand":[],"product_cat":[62,33],"product_tag":[],"class_list":{"0":"post-28574","1":"product","2":"type-product","3":"status-publish","4":"has-post-thumbnail","6":"product_cat-bermudas-et-shorts-homme","7":"product_cat-homme","8":"pa_couleur-gris","9":"pa_taille-m","10":"pa_taille-s","12":"first","13":"outofstock","14":"purchasable","15":"product-type-variable"},"_links":{"self":[{"href":"https:\/\/accrosport.tn\/index.php\/wp-json\/wp\/v2\/product\/28574","targetHints":{"allow":["GET"]}}],"collection":[{"href":"https:\/\/accrosport.tn\/index.php\/wp-json\/wp\/v2\/product"}],"about":[{"href":"https:\/\/accrosport.tn\/index.php\/wp-json\/wp\/v2\/types\/product"}],"wp:featuredmedia":[{"embeddable":true,"href":"https:\/\/accrosport.tn\/index.php\/wp-json\/wp\/v2\/media\/31776"}],"wp:attachment":[{"href":"https:\/\/accrosport.tn\/index.php\/wp-json\/wp\/v2\/media?parent=28574"}],"wp:term":[{"taxonomy":"product_brand","embeddable":true,"href":"https:\/\/accrosport.tn\/index.php\/wp-json\/wp\/v2\/product_brand?post=28574"},{"taxonomy":"product_cat","embeddable":true,"href":"https:\/\/accrosport.tn\/index.php\/wp-json\/wp\/v2\/product_cat?post=28574"},{"taxonomy":"product_tag","embeddable":true,"href":"https:\/\/accrosport.tn\/index.php\/wp-json\/wp\/v2\/product_tag?post=28574"}],"curies":[{"name":"wp","href":"https:\/\/api.w.org\/{rel}","templated":true}]}}