{"id":28533,"date":"2025-09-25T11:00:15","date_gmt":"2025-09-25T11:00:15","guid":{"rendered":"https:\/\/accrosport.tn\/index.php\/product\/chubasquero-iris-negro\/"},"modified":"2025-11-07T23:48:34","modified_gmt":"2025-11-07T23:48:34","slug":"chubasquero-iris-negro","status":"publish","type":"product","link":"https:\/\/accrosport.tn\/index.php\/product\/chubasquero-iris-negro\/","title":{"rendered":"Imperm\u00e9able homme noir Iris"},"content":{"rendered":"<p><span dir=\"auto\">Imperm\u00e9able unisexe. Convient \u00e0 tous les \u00e2ges. Confortable et pratique, cette veste imperm\u00e9able facilite les d\u00e9placements et la pratique d&rsquo;activit\u00e9s sportives par temps froid, pluvieux ou venteux. Elle offre une isolation maximale contre les infiltrations d&rsquo;eau sans compromettre la respirabilit\u00e9.<\/span><\/p>\n<p><span dir=\"auto\">Elle est dot\u00e9e d&rsquo;une fermeture \u00e9clair int\u00e9grale et d&rsquo;une tirette verrouillable emp\u00eachant l&rsquo;ouverture de la fermeture \u00e9clair et donc l&rsquo;infiltration d&rsquo;eau. La capuche int\u00e9gr\u00e9e se glisse dans la poche zipp\u00e9e au niveau du cou. R\u00e9glable par cordon de serrage, elle offre une protection optimale et confortable contre le vent, le froid et la pluie. Elle est \u00e9galement dot\u00e9e de poches pour ranger vos petits objets en toute s\u00e9curit\u00e9 et d&rsquo;un poignet \u00e9lastique r\u00e9glable pour un ajustement parfait et emp\u00eacher l&rsquo;eau et le froid de p\u00e9n\u00e9trer.<\/span><\/p>\n<p><span dir=\"auto\">Fabriqu\u00e9 en tissu l\u00e9ger et r\u00e9sistant \u00e0 l&rsquo;eau, il int\u00e8gre la technologie Micro-Mesh dans les zones de transpiration pour am\u00e9liorer la respirabilit\u00e9 et la ventilation, contribuant ainsi \u00e0 maintenir la temp\u00e9rature corporelle et \u00e0 pr\u00e9venir les mauvaises odeurs.<\/span><\/p>\n<p><span dir=\"auto\">Il pr\u00e9sente un design simple et basique qui est facile \u00e0 associer avec n&rsquo;importe quelle tenue.<\/span><\/p>\n<p><span dir=\"auto\">*Les tailles junior n&rsquo;incluent pas les lacets<\/span><\/p>\n<p><span dir=\"auto\">Logo Joma brod\u00e9.<\/span><\/p>\n","protected":false},"excerpt":{"rendered":"<p>Cet imperm\u00e9able unisexe vous accompagnera aussi bien pendant les matchs que pendant les entra\u00eenements. Convient \u00e0 tous les \u00e2ges. Son tissu imperm\u00e9able int\u00e9gr\u00e9 prot\u00e8ge de la pluie, du vent et du froid, tout en \u00e9vacuant la transpiration.<\/p>\n","protected":false},"featured_media":33672,"template":"","meta":[],"product_brand":[],"product_cat":[42,33,59,60],"product_tag":[],"class_list":{"0":"post-28533","1":"product","2":"type-product","3":"status-publish","4":"has-post-thumbnail","6":"product_cat-femme","7":"product_cat-homme","8":"product_cat-parkas","9":"product_cat-parkas-homme","10":"pa_couleur-noir","11":"pa_taille-l","12":"pa_taille-m","13":"pa_taille-s","14":"pa_taille-xl","16":"first","17":"outofstock","18":"sale","19":"purchasable","20":"product-type-variable"},"_links":{"self":[{"href":"https:\/\/accrosport.tn\/index.php\/wp-json\/wp\/v2\/product\/28533","targetHints":{"allow":["GET"]}}],"collection":[{"href":"https:\/\/accrosport.tn\/index.php\/wp-json\/wp\/v2\/product"}],"about":[{"href":"https:\/\/accrosport.tn\/index.php\/wp-json\/wp\/v2\/types\/product"}],"wp:featuredmedia":[{"embeddable":true,"href":"https:\/\/accrosport.tn\/index.php\/wp-json\/wp\/v2\/media\/33672"}],"wp:attachment":[{"href":"https:\/\/accrosport.tn\/index.php\/wp-json\/wp\/v2\/media?parent=28533"}],"wp:term":[{"taxonomy":"product_brand","embeddable":true,"href":"https:\/\/accrosport.tn\/index.php\/wp-json\/wp\/v2\/product_brand?post=28533"},{"taxonomy":"product_cat","embeddable":true,"href":"https:\/\/accrosport.tn\/index.php\/wp-json\/wp\/v2\/product_cat?post=28533"},{"taxonomy":"product_tag","embeddable":true,"href":"https:\/\/accrosport.tn\/index.php\/wp-json\/wp\/v2\/product_tag?post=28533"}],"curies":[{"name":"wp","href":"https:\/\/api.w.org\/{rel}","templated":true}]}}