{"id":28532,"date":"2025-09-25T11:00:15","date_gmt":"2025-09-25T11:00:15","guid":{"rendered":"https:\/\/accrosport.tn\/index.php\/product\/pantalon-pirata-vela-rojo\/"},"modified":"2025-10-08T08:51:26","modified_gmt":"2025-10-08T08:51:26","slug":"pantalon-pirata-vela-rojo","status":"publish","type":"product","link":"https:\/\/accrosport.tn\/index.php\/product\/pantalon-pirata-vela-rojo\/","title":{"rendered":"Pantalon 3\/4 homme rouge Vela"},"content":{"rendered":"<p><span dir=\"auto\">Pantalon 3\/4 pour homme, con\u00e7u pour l&rsquo;entra\u00eenement de football et de soccer en salle. Sa longueur sous le genou offre une meilleure couverture et une protection contre les chutes sur le terrain. Son tissu l\u00e9ger et r\u00e9sistant vous offrira un confort in\u00e9gal\u00e9 pendant le match.<\/span><\/p>\n<p><span dir=\"auto\">Dot\u00e9 d&rsquo;une taille \u00e9lastique avec cordon de serrage int\u00e9rieur pour maintenir le pantalon en place pendant l&rsquo;effort. Le bas est dot\u00e9 d&rsquo;une bande \u00e9lastique pour s&rsquo;ajuster au genou et offrir une plus grande libert\u00e9 de mouvement.<\/span><\/p>\n<p><span dir=\"auto\">Fabriqu\u00e9s dans un tissu durable et de haute qualit\u00e9, ils r\u00e9sistent aux chutes et aux lavages, vous garantissant ainsi un pantalon durable. De plus, ils absorbent et \u00e9vacuent la transpiration pour une meilleure respirabilit\u00e9.<\/span><\/p>\n<p><span dir=\"auto\">Vous pouvez \u00e9galement les utiliser si vous \u00eates gardien de but, car vous serez plus expos\u00e9 aux chutes.<\/span><\/p>\n<p><span dir=\"auto\">Avec une coupe sportive sous le genou.<\/span><\/p>\n<p><span dir=\"auto\">Logo Joma personnalis\u00e9 en impression.<\/span><\/p>\n","protected":false},"excerpt":{"rendered":"<p>Pantacourt de football pour homme. Il \u00e9pouse la silhouette de l&rsquo;athl\u00e8te pour un confort optimal. Tr\u00e8s r\u00e9sistant et durable, il r\u00e9sistera \u00e0 toutes les \u00e9preuves.<\/p>\n","protected":false},"featured_media":33667,"template":"","meta":[],"product_brand":[],"product_cat":[62,33],"product_tag":[],"class_list":{"0":"post-28532","1":"product","2":"type-product","3":"status-publish","4":"has-post-thumbnail","6":"product_cat-bermudas-et-shorts-homme","7":"product_cat-homme","8":"pa_couleur-rojo","9":"pa_taille-s","11":"first","12":"instock","13":"purchasable","14":"product-type-simple"},"_links":{"self":[{"href":"https:\/\/accrosport.tn\/index.php\/wp-json\/wp\/v2\/product\/28532","targetHints":{"allow":["GET"]}}],"collection":[{"href":"https:\/\/accrosport.tn\/index.php\/wp-json\/wp\/v2\/product"}],"about":[{"href":"https:\/\/accrosport.tn\/index.php\/wp-json\/wp\/v2\/types\/product"}],"wp:featuredmedia":[{"embeddable":true,"href":"https:\/\/accrosport.tn\/index.php\/wp-json\/wp\/v2\/media\/33667"}],"wp:attachment":[{"href":"https:\/\/accrosport.tn\/index.php\/wp-json\/wp\/v2\/media?parent=28532"}],"wp:term":[{"taxonomy":"product_brand","embeddable":true,"href":"https:\/\/accrosport.tn\/index.php\/wp-json\/wp\/v2\/product_brand?post=28532"},{"taxonomy":"product_cat","embeddable":true,"href":"https:\/\/accrosport.tn\/index.php\/wp-json\/wp\/v2\/product_cat?post=28532"},{"taxonomy":"product_tag","embeddable":true,"href":"https:\/\/accrosport.tn\/index.php\/wp-json\/wp\/v2\/product_tag?post=28532"}],"curies":[{"name":"wp","href":"https:\/\/api.w.org\/{rel}","templated":true}]}}