{"id":32,"date":"2017-11-24T02:27:40","date_gmt":"2017-11-24T02:27:40","guid":{"rendered":"http:\/\/localhost\/framework\/?page_id=32"},"modified":"2025-02-06T15:43:44","modified_gmt":"2025-02-06T15:43:44","slug":"contact","status":"publish","type":"page","link":"https:\/\/accrosport.tn\/index.php\/contact\/","title":{"rendered":"Contact"},"content":{"rendered":"<div class=\"vc_row wpb_row vc_row-fluid contact-top mb100\"><div class=\"wpb_column vc_column_container vc_col-sm-12\"><div class=\"vc_column-inner\"><div class=\"wpb_wrapper\">\n\t<div class=\"wpb_raw_code wpb_content_element wpb_raw_html\" >\n\t\t<div class=\"wpb_wrapper\">\n\t\t\t<h1 style=\"text-align:center;margin-bottom:5%\">Contactez-nous pour profiter de nos promotions et r\u00e9ductions sp\u00e9ciales ! <\/h1>\n\t\t<\/div>\n\t<\/div>\n<\/div><\/div><\/div><div class=\"contact-box-left wpb_column vc_column_container vc_col-sm-12 vc_col-md-6 vc_col-xs-12\"><div class=\"vc_column-inner\"><div class=\"wpb_wrapper\"><div class=\"content-editor contact-info-box  \">\n\t\t\t\t\t    \t\t\t\t        <div class=\"content-info \">\n\t\t\t\t\t\t\t<h2 class=\"trt-contact\">Contactez-nous<\/h2>\n<ul id=\"list-contc\" class=\"list-none silver\">\n<li><i class=\"la la-map-marker color\"><\/i>01 Rue DR Abderrahman Mami Borj Louzir 2073 Ariana<\/li>\n<li><i class=\"la la-map-marker color\"><\/i><b class=\"item-ul-contact\">Show Room Joma<br \/>\n<\/b>44, Rue Tarak Iben Zied, derri\u00e8re clinique el Amen Mutuelle Ville<\/li>\n<li><i class=\"la la-map-marker color\"><\/i><b class=\"item-ul-contact\">Boutique Joma Ennsar<br \/>\n<\/b>18, Avenue Borj Turki R\u00e9sidence Tej Ennasr 2 &#8211; 2080 Ariana<\/li>\n<li><i class=\"la la-map-marker color\"><\/i><b class=\"item-ul-contact\">Boutique Joma Bizerte<br \/>\n<\/b>Rue Habib Thameur &#8211; 7000 Bizerte<\/li>\n<li><i class=\"la la-map-marker color\"><\/i><b class=\"item-ul-contact\">Boutique Joma Outlet<br \/>\n<\/b>Autouroute La Marsa &#8211; 1053 Tunisie<\/li>\n<li><i class=\"la la-phone color\"><\/i><a class=\"item-ul-contact\" href=\"tel:+844989177556\">(+216) 71 790 313<\/a><\/li>\n<li><i class=\"fa fa-whatsapp color\"><\/i><a class=\"item-ul-contact\" href=\"tel:+844989177556\">(+216) 58 363 638<\/a><\/li>\n<li><i class=\"la la-envelope color\"><\/i>Support@accrosport.tn<\/li>\n<li><b class=\"item-ul-contact\">Horaires : <\/b>Lundi \u2013 Vendredi : 8:30 AM \u2014 18:00 PM \/ Samedi :<br \/>\n8:30 AM \u2014 13:00 PM<\/li>\n<\/ul>\n\t\t\t\t\t\t<\/div>\n\t\t\t\t\t\t\t            \n<\/div>\n\n<div class=\"wpb_gmaps_widget wpb_content_element\"><div class=\"wpb_wrapper\"><div class=\"wpb_map_wraper\"><iframe src=\"https:\/\/www.google.com\/maps\/embed?pb=!1m18!1m12!1m3!1d3193.2741472381467!2d10.171440815573707!3d36.83590987338793!2m3!1f0!2f0!3f0!3m2!1i1024!2i768!4f13.1!3m3!1m2!1s0x12fd349ef94093cf%3A0xf4736b2caa6e179b!2s44%20Rue%20Tarak%20Ibn%20Zied%D8%8C%20Tunis!5e0!3m2!1sfr!2stn!4v1659624903407!5m2!1sfr!2stn\" width=\"600\" height=\"450\" style=\"border:0;\" allowfullscreen=\"\" loading=\"lazy\" referrerpolicy=\"no-referrer-when-downgrade\"><\/iframe><\/div><\/div><\/div><\/div><\/div><\/div><div class=\"contact-box-right wpb_column vc_column_container vc_col-sm-12 vc_col-md-6 vc_col-xs-12\"><div class=\"vc_column-inner\"><div class=\"wpb_wrapper\">\n\t<div class=\"wpb_text_column wpb_content_element \" >\n\t\t<div class=\"wpb_wrapper\">\n\t\t\t\n<div class=\"wpcf7 no-js\" id=\"wpcf7-f594-o1\" lang=\"en-US\" dir=\"ltr\" data-wpcf7-id=\"594\">\n<div class=\"screen-reader-response\"><p role=\"status\" aria-live=\"polite\" aria-atomic=\"true\"><\/p> <ul><\/ul><\/div>\n<form action=\"\/index.php\/wp-json\/wp\/v2\/pages\/32#wpcf7-f594-o1\" method=\"post\" class=\"wpcf7-form init\" aria-label=\"Contact form\" novalidate=\"novalidate\" data-status=\"init\">\n<fieldset class=\"hidden-fields-container\"><input type=\"hidden\" name=\"_wpcf7\" value=\"594\" \/><input type=\"hidden\" name=\"_wpcf7_version\" value=\"6.1.5\" \/><input type=\"hidden\" name=\"_wpcf7_locale\" value=\"en_US\" \/><input type=\"hidden\" name=\"_wpcf7_unit_tag\" value=\"wpcf7-f594-o1\" \/><input type=\"hidden\" name=\"_wpcf7_container_post\" value=\"0\" \/><input type=\"hidden\" name=\"_wpcf7_posted_data_hash\" value=\"\" \/><input type=\"hidden\" name=\"_wpcf7_recaptcha_response\" value=\"\" \/>\n<\/fieldset>\n<div class=\"contact-form-page\">\n\t<div class=\"row\">\n\t\t<div class=\"col-md-6 col-sm-6 col-xs-12\">\n\t\t\t<p class=\"wrap-input\"><label for=\"name1\">Nom*<\/label><span class=\"wpcf7-form-control-wrap\" data-name=\"first-name\"><input size=\"40\" maxlength=\"400\" class=\"wpcf7-form-control wpcf7-text wpcf7-validates-as-required\" id=\"name1\" aria-required=\"true\" aria-invalid=\"false\" value=\"\" type=\"text\" name=\"first-name\" \/><\/span>\n\t\t\t<\/p>\n\t\t<\/div>\n\t\t<div class=\"col-md-6 col-sm-6 col-xs-12\">\n\t\t\t<p class=\"wrap-input\"><label for=\"name2\">Pr\u00e9nom*<\/label><span class=\"wpcf7-form-control-wrap\" data-name=\"last-name\"><input size=\"40\" maxlength=\"400\" class=\"wpcf7-form-control wpcf7-text wpcf7-validates-as-required\" id=\"name2\" aria-required=\"true\" aria-invalid=\"false\" value=\"\" type=\"text\" name=\"last-name\" \/><\/span>\n\t\t\t<\/p>\n\t\t<\/div>\n\t\t<div class=\"col-md-6 col-sm-6 col-xs-12\">\n\t\t\t<p class=\"wrap-input\"><label for=\"your-mail\">Email*<\/label><span class=\"wpcf7-form-control-wrap\" data-name=\"your-mail\"><input size=\"40\" maxlength=\"400\" class=\"wpcf7-form-control wpcf7-text wpcf7-validates-as-required\" id=\"your-mail\" aria-required=\"true\" aria-invalid=\"false\" value=\"\" type=\"text\" name=\"your-mail\" \/><\/span>\n\t\t\t<\/p>\n\t\t<\/div>\n\t\t<div class=\"col-md-6 col-sm-6 col-xs-12\">\n\t\t\t<p class=\"wrap-input\"><label for=\"your-tel\">T\u00e9l\u00e9phone<\/label><span class=\"wpcf7-form-control-wrap\" data-name=\"your-tel\"><input size=\"40\" maxlength=\"400\" class=\"wpcf7-form-control wpcf7-text\" id=\"your-tel\" aria-invalid=\"false\" value=\"\" type=\"text\" name=\"your-tel\" \/><\/span>\n\t\t\t<\/p>\n\t\t<\/div>\n\t\t<div class=\"col-md-12 col-sm-12 col-xs-12\">\n\t\t\t<p class=\"wrap-input\"><label for=\"your-adresse\">Adresse<\/label><span class=\"wpcf7-form-control-wrap\" data-name=\"your-adresse\"><input size=\"40\" maxlength=\"400\" class=\"wpcf7-form-control wpcf7-text\" id=\"your-adresse\" aria-invalid=\"false\" value=\"\" type=\"text\" name=\"your-adresse\" \/><\/span>\n\t\t\t<\/p>\n\t\t<\/div>\n\t\t<div class=\"clearfix\">\n\t\t<\/div>\n\t\t<div class=\"col-md-12\">\n\t\t\t<p class=\"wrap-input\"><label for=\"your-subj\">Sujet<\/label><span class=\"wpcf7-form-control-wrap\" data-name=\"your-subj\"><input size=\"40\" maxlength=\"400\" class=\"wpcf7-form-control wpcf7-text wpcf7-validates-as-required\" id=\"your-subj\" aria-required=\"true\" aria-invalid=\"false\" value=\"\" type=\"text\" name=\"your-subj\" \/><\/span>\n\t\t\t<\/p>\n\t\t<\/div>\n\t\t<div class=\"col-md-12\">\n\t\t\t<p class=\"wrap-input\"><label for=\"your-mess\">Message*<\/label><span class=\"wpcf7-form-control-wrap\" data-name=\"your-message\"><textarea cols=\"40\" rows=\"10\" maxlength=\"2000\" class=\"wpcf7-form-control wpcf7-textarea wpcf7-validates-as-required\" id=\"your-mess\" aria-required=\"true\" aria-invalid=\"false\" name=\"your-message\"><\/textarea><\/span>\n\t\t\t<\/p>\n\t\t<\/div>\n\t\t<div class=\"col-md-12\">\n\t\t\n\t\t<\/div>\n\t\t<div class=\"col-md-12 text-center\">\n\t\t\t<p><input class=\"wpcf7-form-control wpcf7-submit has-spinner button\" type=\"submit\" value=\"Envoyer\" \/>\n\t\t\t<\/p>\n\t\t<\/div>\n\t<\/div>\n<\/div><div class=\"wpcf7-response-output\" aria-hidden=\"true\"><\/div>\n<\/form>\n<\/div>\n\n\n\t\t<\/div>\n\t<\/div>\n<\/div><\/div><\/div><\/div><div data-vc-full-width=\"true\" data-vc-full-width-init=\"false\" class=\"vc_row wpb_row vc_row-fluid social-contact-wrap vc_row-o-content-middle vc_row-flex\"><div class=\"wpb_column vc_column_container vc_col-sm-12\"><div class=\"vc_column-inner\"><div class=\"wpb_wrapper\"><div class=\"social-list social-contact text-center default\">\n\t<h3 class=\"title20 text-uppercase font-bold\">Suivez-nous<\/h3>\t<a href=\"https:\/\/www.facebook.com\/Jomatunisieofficiel\"><i class=\"fa fab fa-facebook-f\"><\/i><\/a><a href=\"https:\/\/www.linkedin.com\/company\/accrosport-tunisie-joma\/\"><i class=\"fa fab fa-linkedin\"><\/i><\/a><a href=\"https:\/\/www.pinterest.com\/acrosporttunisie\/_created\/\"><i class=\"fa fab fa-pinterest\"><\/i><\/a><a href=\"https:\/\/www.instagram.com\/jomatunisie\/?hl=fr\"><i class=\"fa fab fa-instagram\"><\/i><\/a><\/div><\/div><\/div><\/div><\/div><div class=\"vc_row-full-width vc_clearfix\"><\/div>\n","protected":false},"excerpt":{"rendered":"Contactez-nous pour profiter de nos promotions et r\u00e9ductions sp\u00e9ciales ! Contactez-nous 01 Rue DR Abderrahman Mami Borj Louzir 2073 Ariana Show Room Joma 44, Rue Tarak Iben Zied, derri\u00e8re clinique el Amen Mutuelle Ville Boutique Joma Ennsar 18, Avenue Borj Turki R\u00e9sidence Tej Ennasr 2 - 2080 Ariana Boutique Joma Bizerte Rue Habib Thameur - [...]","protected":false},"author":1,"featured_media":0,"parent":0,"menu_order":0,"comment_status":"closed","ping_status":"closed","template":"","meta":{"footnotes":""},"class_list":["post-32","page","type-page","status-publish","hentry"],"_links":{"self":[{"href":"https:\/\/accrosport.tn\/index.php\/wp-json\/wp\/v2\/pages\/32","targetHints":{"allow":["GET"]}}],"collection":[{"href":"https:\/\/accrosport.tn\/index.php\/wp-json\/wp\/v2\/pages"}],"about":[{"href":"https:\/\/accrosport.tn\/index.php\/wp-json\/wp\/v2\/types\/page"}],"author":[{"embeddable":true,"href":"https:\/\/accrosport.tn\/index.php\/wp-json\/wp\/v2\/users\/1"}],"replies":[{"embeddable":true,"href":"https:\/\/accrosport.tn\/index.php\/wp-json\/wp\/v2\/comments?post=32"}],"version-history":[{"count":18,"href":"https:\/\/accrosport.tn\/index.php\/wp-json\/wp\/v2\/pages\/32\/revisions"}],"predecessor-version":[{"id":25758,"href":"https:\/\/accrosport.tn\/index.php\/wp-json\/wp\/v2\/pages\/32\/revisions\/25758"}],"wp:attachment":[{"href":"https:\/\/accrosport.tn\/index.php\/wp-json\/wp\/v2\/media?parent=32"}],"curies":[{"name":"wp","href":"https:\/\/api.w.org\/{rel}","templated":true}]}}