{"id":17606,"date":"2023-07-04T08:19:49","date_gmt":"2023-07-04T08:19:49","guid":{"rendered":"https:\/\/accrosport.tn\/?page_id=17606"},"modified":"2023-07-06T08:12:06","modified_gmt":"2023-07-06T08:12:06","slug":"reactive-ball","status":"publish","type":"page","link":"https:\/\/accrosport.tn\/index.php\/reactive-ball\/","title":{"rendered":"Reactive Ball"},"content":{"rendered":"<div class=\"vc_row wpb_row vc_row-fluid\"><div class=\"wpb_column vc_column_container vc_col-sm-12\"><div class=\"vc_column-inner\"><div class=\"wpb_wrapper\">\n\t<div class=\"wpb_raw_code wpb_content_element wpb_raw_html\" >\n\t\t<div class=\"wpb_wrapper\">\n\t\t\t<h1 style=\"text-align:center;\">Reactive Ball<\/h1>\n\t\t<\/div>\n\t<\/div>\n<div class=\"vc_empty_space\"   style=\"height: 32px\"><span class=\"vc_empty_space_inner\"><\/span><\/div>\n\t<div class=\"wpb_raw_code wpb_content_element wpb_raw_html\" >\n\t\t<div class=\"wpb_wrapper\">\n\t\t\t<p style=\" color:black;  text-align:center; line-height: 34px;\">Le syst\u00e8me le plus r\u00e9pandu de Joma, qui s'adapte \u00e0 diff\u00e9rents sports, du futsal \u00e0 la course \u00e0 pied ou au tennis.<\/p>\n\t\t<\/div>\n\t<\/div>\n<div class=\"vc_empty_space\"   style=\"height: 32px\"><span class=\"vc_empty_space_inner\"><\/span><\/div><\/div><\/div><\/div><\/div><div class=\"vc_row wpb_row vc_row-fluid\"><div class=\"wpb_column vc_column_container vc_col-sm-6\"><div class=\"vc_column-inner\"><div class=\"wpb_wrapper\">\n\t<div class=\"wpb_raw_code wpb_content_element wpb_raw_html\" >\n\t\t<div class=\"wpb_wrapper\">\n\t\t\t<p style=\" color:black;  text-align:justify; line-height: 34px;\">Une technologie r\u00e9volutionnaire d\u00e9velopp\u00e9e \u00e0 partir d'un mat\u00e9riau \u00e0 haute capacit\u00e9 d'amortissement et de retour d'\u00e9nergie. Elle reprend sa forme initiale apr\u00e8s chaque pas, sans pratiquement se d\u00e9former.<\/p>\n\n\t\t<\/div>\n\t<\/div>\n<\/div><\/div><\/div><div class=\"wpb_column vc_column_container vc_col-sm-6\"><div class=\"vc_column-inner\"><div class=\"wpb_wrapper\">\n\t<div class=\"wpb_raw_code wpb_content_element wpb_raw_html\" >\n\t\t<div class=\"wpb_wrapper\">\n\t\t\t<img decoding=\"async\" style=\"margin-left: 72px;\" src=\"https:\/\/accrosport.tn\/wp-content\/uploads\/2023\/07\/Reactive-Ball-joma-sport-tunisie.jpg\" \/>\n\n\n\t\t<\/div>\n\t<\/div>\n<\/div><\/div><\/div><\/div><div class=\"vc_row wpb_row vc_row-fluid\"><div class=\"wpb_column vc_column_container vc_col-sm-6\"><div class=\"vc_column-inner\"><div class=\"wpb_wrapper\">\n\t<div class=\"wpb_raw_code wpb_content_element wpb_raw_html\" >\n\t\t<div class=\"wpb_wrapper\">\n\t\t\t<img decoding=\"async\" style=\"margin-left: 72px;\" src=\"https:\/\/accrosport.tn\/wp-content\/uploads\/2023\/07\/Reactive-Ball-joma-sport-tunisie-1.jpg\" \/>\n\t\t<\/div>\n\t<\/div>\n<\/div><\/div><\/div><div class=\"wpb_column vc_column_container vc_col-sm-6\"><div class=\"vc_column-inner\"><div class=\"wpb_wrapper\">\n\t<div class=\"wpb_raw_code wpb_content_element wpb_raw_html\" >\n\t\t<div class=\"wpb_wrapper\">\n\t\t\t<h1 style=\" font-size:20px; text-align:justify; line-height: 34px; font-weight:bold\">PROFITS<\/h1>\n<br>\n\n<ul style=\" color:black;  text-align:justify; line-height: 34px;\"><li><font style=\"vertical-align: inherit;\"><font style=\"vertical-align: inherit;\">Coussinets souples et confortables.<\/font><\/font><\/li><li><font style=\"vertical-align: inherit;\"><font style=\"vertical-align: inherit;\">Une grande r\u00e9sistance \u00e0 l'usage ne se d\u00e9forme pas et en reprenant facilement sa forme.\n<\/font><\/font><\/li><li><font style=\"vertical-align: inherit;\"><font style=\"vertical-align: inherit;\">Elle s'aligne sur la flexibilit\u00e9 naturelle du pied.\n<\/font><\/font><\/li><li><font style=\"vertical-align: inherit;\"><font style=\"vertical-align: inherit;\">Retour d'\u00e9nergie maximal en absorbant l'\u00e9nergie cin\u00e9tique pendant la course et en la restituant \u00e0 l'athl\u00e8te.\n<\/font><\/font><\/li><\/ul>\n\t\t<\/div>\n\t<\/div>\n<\/div><\/div><\/div><\/div>\n","protected":false},"excerpt":{"rendered":"Reactive Ball Le syst\u00e8me le plus r\u00e9pandu de Joma, qui s'adapte \u00e0 diff\u00e9rents sports, du futsal \u00e0 la course \u00e0 pied ou au tennis. Une technologie r\u00e9volutionnaire d\u00e9velopp\u00e9e \u00e0 partir d'un mat\u00e9riau \u00e0 haute capacit\u00e9 d'amortissement et de retour d'\u00e9nergie. Elle reprend sa forme initiale apr\u00e8s chaque pas, sans pratiquement se d\u00e9former. PROFITS Coussinets souples [...]","protected":false},"author":1,"featured_media":0,"parent":0,"menu_order":0,"comment_status":"closed","ping_status":"closed","template":"","meta":{"footnotes":""},"class_list":["post-17606","page","type-page","status-publish","hentry"],"_links":{"self":[{"href":"https:\/\/accrosport.tn\/index.php\/wp-json\/wp\/v2\/pages\/17606","targetHints":{"allow":["GET"]}}],"collection":[{"href":"https:\/\/accrosport.tn\/index.php\/wp-json\/wp\/v2\/pages"}],"about":[{"href":"https:\/\/accrosport.tn\/index.php\/wp-json\/wp\/v2\/types\/page"}],"author":[{"embeddable":true,"href":"https:\/\/accrosport.tn\/index.php\/wp-json\/wp\/v2\/users\/1"}],"replies":[{"embeddable":true,"href":"https:\/\/accrosport.tn\/index.php\/wp-json\/wp\/v2\/comments?post=17606"}],"version-history":[{"count":3,"href":"https:\/\/accrosport.tn\/index.php\/wp-json\/wp\/v2\/pages\/17606\/revisions"}],"predecessor-version":[{"id":17676,"href":"https:\/\/accrosport.tn\/index.php\/wp-json\/wp\/v2\/pages\/17606\/revisions\/17676"}],"wp:attachment":[{"href":"https:\/\/accrosport.tn\/index.php\/wp-json\/wp\/v2\/media?parent=17606"}],"curies":[{"name":"wp","href":"https:\/\/api.w.org\/{rel}","templated":true}]}}