{"id":11800,"date":"2022-09-20T13:43:02","date_gmt":"2022-09-20T13:43:02","guid":{"rendered":"https:\/\/accrosport.tn\/?page_id=11800"},"modified":"2023-09-15T07:56:55","modified_gmt":"2023-09-15T07:56:55","slug":"actualites","status":"publish","type":"page","link":"https:\/\/accrosport.tn\/index.php\/actualites\/","title":{"rendered":"Joma World"},"content":{"rendered":"<div class=\"vc_row wpb_row vc_row-fluid\"><div class=\"wpb_column vc_column_container vc_col-sm-12\"><div class=\"vc_column-inner\"><div class=\"wpb_wrapper\">\n\t<div class=\"wpb_raw_code wpb_content_element wpb_raw_html\" >\n\t\t<div class=\"wpb_wrapper\">\n\t\t\t<h1 style=\"text-align:center;margin-bottom:5%\">Actualit\u00e9s de Joma en Tunisie <\/h1>\n\t\t<\/div>\n\t<\/div>\n    \n<div class=\"js-content-wrap  blog-grid-view  \" data-column=\"3\">\n                        <div class=\"js-content-main list-post-wrap row\"><div class=\"list-col-item list-3-item\"><div class=\"item-post item-post-grid item-post-default\">\n            <div class=\"post-thumb banner-advs zoom-image overlay-image\">\n            <a href=\"https:\/\/accrosport.tn\/index.php\/2024\/03\/27\/loutlet-joma-votre-nouvelle-destination-sportive\/\" class=\"adv-thumb-link\">\n                <img loading=\"lazy\" decoding=\"async\" width=\"370\" height=\"246\" src=\"https:\/\/accrosport.tn\/wp-content\/uploads\/2024\/03\/\/Ouverture-Outlet-joma-sport-tunisie-370x246.jpg\" class=\"attachment-370x246 size-370x246 wp-post-image\" alt=\"\" \/>            <\/a>\n        <\/div>\n        <div class=\"post-info text-center\">\n        <h3 class=\"title20 font-semibold post-title\">\n            <a class=\"black\" href=\"https:\/\/accrosport.tn\/index.php\/2024\/03\/27\/loutlet-joma-votre-nouvelle-destination-sportive\/\">\n                L&rsquo;Outlet Joma : Votre Nouvelle Destination Sportive !                            <\/a>\n        <\/h3>\n                        <ul class=\"list-inline-block post-meta-data\">\n                    <li class=\"meta-author\"><span class=\"silver\">By <\/span><a class=\"text-capitalize font-semibold\" href=\"https:\/\/accrosport.tn\/index.php\/author\/accrosportadmin\/\">admin<\/a><\/li>\n                    <li><span class=\"silver\">27 mars 2024<\/span><\/li>\n                    <li class=\"meta-comment\"><i aria-hidden=\"true\" class=\"la la-comments color title14\"><\/i>\n                        <a class=\"silver\" href=\"https:\/\/accrosport.tn\/index.php\/2024\/03\/27\/loutlet-joma-votre-nouvelle-destination-sportive\/#respond\">0<\/a>\n                    <\/li>\n                <\/ul>               \n                        <p class=\"desc\"><\/p>        <a href=\"https:\/\/accrosport.tn\/index.php\/2024\/03\/27\/loutlet-joma-votre-nouvelle-destination-sportive\/\" class=\"readmore\">Read more<\/a>\n    <\/div>\n<\/div>\n<\/div><div class=\"list-col-item list-3-item\"><div class=\"item-post item-post-grid item-post-default\">\n            <div class=\"post-thumb banner-advs zoom-image overlay-image\">\n            <a href=\"https:\/\/accrosport.tn\/index.php\/2023\/10\/17\/tournoi-de-tennis-wta250-jasmin-open-en-tunisie\/\" class=\"adv-thumb-link\">\n                <img loading=\"lazy\" decoding=\"async\" width=\"370\" height=\"246\" src=\"https:\/\/accrosport.tn\/wp-content\/uploads\/2023\/10\/\/jasminOpen2-370x246.jpg\" class=\"attachment-370x246 size-370x246 wp-post-image\" alt=\"\" \/>            <\/a>\n        <\/div>\n        <div class=\"post-info text-center\">\n        <h3 class=\"title20 font-semibold post-title\">\n            <a class=\"black\" href=\"https:\/\/accrosport.tn\/index.php\/2023\/10\/17\/tournoi-de-tennis-wta250-jasmin-open-en-tunisie\/\">\n                Tournoi de tennis WTA250 Jasmin Open en Tunisie                            <\/a>\n        <\/h3>\n                        <ul class=\"list-inline-block post-meta-data\">\n                    <li class=\"meta-author\"><span class=\"silver\">By <\/span><a class=\"text-capitalize font-semibold\" href=\"https:\/\/accrosport.tn\/index.php\/author\/accrosportadmin\/\">admin<\/a><\/li>\n                    <li><span class=\"silver\">17 octobre 2023<\/span><\/li>\n                    <li class=\"meta-comment\"><i aria-hidden=\"true\" class=\"la la-comments color title14\"><\/i>\n                        <a class=\"silver\" href=\"https:\/\/accrosport.tn\/index.php\/2023\/10\/17\/tournoi-de-tennis-wta250-jasmin-open-en-tunisie\/#respond\">0<\/a>\n                    <\/li>\n                <\/ul>               \n                        <p class=\"desc\"><\/p>        <a href=\"https:\/\/accrosport.tn\/index.php\/2023\/10\/17\/tournoi-de-tennis-wta250-jasmin-open-en-tunisie\/\" class=\"readmore\">Read more<\/a>\n    <\/div>\n<\/div>\n<\/div><div class=\"list-col-item list-3-item\"><div class=\"item-post item-post-grid item-post-default\">\n            <div class=\"post-thumb banner-advs zoom-image overlay-image\">\n            <a href=\"https:\/\/accrosport.tn\/index.php\/2023\/09\/07\/rentree-scolaire-2023-preparez-tout-votre-equipement-de-sport-scolaire-avec-joma-tunisie\/\" class=\"adv-thumb-link\">\n                <img loading=\"lazy\" decoding=\"async\" width=\"370\" height=\"246\" src=\"https:\/\/accrosport.tn\/wp-content\/uploads\/2023\/09\/\/rentree-scolaire-joma-370x246.png\" class=\"attachment-370x246 size-370x246 wp-post-image\" alt=\"image accrosport\" \/>            <\/a>\n        <\/div>\n        <div class=\"post-info text-center\">\n        <h3 class=\"title20 font-semibold post-title\">\n            <a class=\"black\" href=\"https:\/\/accrosport.tn\/index.php\/2023\/09\/07\/rentree-scolaire-2023-preparez-tout-votre-equipement-de-sport-scolaire-avec-joma-tunisie\/\">\n                Rentr\u00e9e scolaire 2023 : Pr\u00e9parez votre \u00e9quipement de sport scolaire avec Joma Tunisie                            <\/a>\n        <\/h3>\n                        <ul class=\"list-inline-block post-meta-data\">\n                    <li class=\"meta-author\"><span class=\"silver\">By <\/span><a class=\"text-capitalize font-semibold\" href=\"https:\/\/accrosport.tn\/index.php\/author\/accrosportadmin\/\">admin<\/a><\/li>\n                    <li><span class=\"silver\">7 septembre 2023<\/span><\/li>\n                    <li class=\"meta-comment\"><i aria-hidden=\"true\" class=\"la la-comments color title14\"><\/i>\n                        <a class=\"silver\" href=\"https:\/\/accrosport.tn\/index.php\/2023\/09\/07\/rentree-scolaire-2023-preparez-tout-votre-equipement-de-sport-scolaire-avec-joma-tunisie\/#respond\">0<\/a>\n                    <\/li>\n                <\/ul>               \n                        <p class=\"desc\"><\/p>        <a href=\"https:\/\/accrosport.tn\/index.php\/2023\/09\/07\/rentree-scolaire-2023-preparez-tout-votre-equipement-de-sport-scolaire-avec-joma-tunisie\/\" class=\"readmore\">Read more<\/a>\n    <\/div>\n<\/div>\n<\/div><div class=\"list-col-item list-3-item\"><div class=\"item-post item-post-grid item-post-default\">\n            <div class=\"post-thumb banner-advs zoom-image overlay-image\">\n            <a href=\"https:\/\/accrosport.tn\/index.php\/2023\/07\/18\/sponsor-de-festival-international-de-bizerte-2023\/\" class=\"adv-thumb-link\">\n                <img loading=\"lazy\" decoding=\"async\" width=\"370\" height=\"246\" src=\"https:\/\/accrosport.tn\/wp-content\/uploads\/2023\/07\/\/sponsor-2-370x246.jpg\" class=\"attachment-370x246 size-370x246 wp-post-image\" alt=\"image accrosport\" \/>            <\/a>\n        <\/div>\n        <div class=\"post-info text-center\">\n        <h3 class=\"title20 font-semibold post-title\">\n            <a class=\"black\" href=\"https:\/\/accrosport.tn\/index.php\/2023\/07\/18\/sponsor-de-festival-international-de-bizerte-2023\/\">\n                Sponsor du Festival International de Bizerte 2023                            <\/a>\n        <\/h3>\n                        <ul class=\"list-inline-block post-meta-data\">\n                    <li class=\"meta-author\"><span class=\"silver\">By <\/span><a class=\"text-capitalize font-semibold\" href=\"https:\/\/accrosport.tn\/index.php\/author\/accrosportadmin\/\">admin<\/a><\/li>\n                    <li><span class=\"silver\">18 juillet 2023<\/span><\/li>\n                    <li class=\"meta-comment\"><i aria-hidden=\"true\" class=\"la la-comments color title14\"><\/i>\n                        <a class=\"silver\" href=\"https:\/\/accrosport.tn\/index.php\/2023\/07\/18\/sponsor-de-festival-international-de-bizerte-2023\/#respond\">0<\/a>\n                    <\/li>\n                <\/ul>               \n                        <p class=\"desc\"><\/p>        <a href=\"https:\/\/accrosport.tn\/index.php\/2023\/07\/18\/sponsor-de-festival-international-de-bizerte-2023\/\" class=\"readmore\">Read more<\/a>\n    <\/div>\n<\/div>\n<\/div><div class=\"list-col-item list-3-item\"><div class=\"item-post item-post-grid item-post-default\">\n            <div class=\"post-thumb banner-advs zoom-image overlay-image\">\n            <a href=\"https:\/\/accrosport.tn\/index.php\/2023\/05\/16\/joma-padel-au-tournoi-padel-sidi-bou-said\/\" class=\"adv-thumb-link\">\n                <img loading=\"lazy\" decoding=\"async\" width=\"370\" height=\"246\" src=\"https:\/\/accrosport.tn\/wp-content\/uploads\/2023\/05\/\/padel-actualite-370x246.jpg\" class=\"attachment-370x246 size-370x246 wp-post-image\" alt=\"image accrosport\" \/>            <\/a>\n        <\/div>\n        <div class=\"post-info text-center\">\n        <h3 class=\"title20 font-semibold post-title\">\n            <a class=\"black\" href=\"https:\/\/accrosport.tn\/index.php\/2023\/05\/16\/joma-padel-au-tournoi-padel-sidi-bou-said\/\">\n                Joma Padel au tournoi Padel Sidi Bou Sa\u00efd                            <\/a>\n        <\/h3>\n                        <ul class=\"list-inline-block post-meta-data\">\n                    <li class=\"meta-author\"><span class=\"silver\">By <\/span><a class=\"text-capitalize font-semibold\" href=\"https:\/\/accrosport.tn\/index.php\/author\/accrosportadmin\/\">admin<\/a><\/li>\n                    <li><span class=\"silver\">16 mai 2023<\/span><\/li>\n                    <li class=\"meta-comment\"><i aria-hidden=\"true\" class=\"la la-comments color title14\"><\/i>\n                        <a class=\"silver\" href=\"https:\/\/accrosport.tn\/index.php\/2023\/05\/16\/joma-padel-au-tournoi-padel-sidi-bou-said\/#respond\">0<\/a>\n                    <\/li>\n                <\/ul>               \n                        <p class=\"desc\"><\/p>        <a href=\"https:\/\/accrosport.tn\/index.php\/2023\/05\/16\/joma-padel-au-tournoi-padel-sidi-bou-said\/\" class=\"readmore\">Read more<\/a>\n    <\/div>\n<\/div>\n<\/div><div class=\"list-col-item list-3-item\"><div class=\"item-post item-post-grid item-post-default\">\n            <div class=\"post-thumb banner-advs zoom-image overlay-image\">\n            <a href=\"https:\/\/accrosport.tn\/index.php\/2022\/10\/25\/le-black-friday-arrive-bientot-chez-joma-sport-tunisie-les-meilleures-offres-sur-les-equipements-sportifs\/\" class=\"adv-thumb-link\">\n                <img loading=\"lazy\" decoding=\"async\" width=\"370\" height=\"246\" src=\"https:\/\/accrosport.tn\/wp-content\/uploads\/2022\/10\/\/NOTICIA-WEB-10-370x246.jpg\" class=\"attachment-370x246 size-370x246 wp-post-image\" alt=\"image accrosport\" \/>            <\/a>\n        <\/div>\n        <div class=\"post-info text-center\">\n        <h3 class=\"title20 font-semibold post-title\">\n            <a class=\"black\" href=\"https:\/\/accrosport.tn\/index.php\/2022\/10\/25\/le-black-friday-arrive-bientot-chez-joma-sport-tunisie-les-meilleures-offres-sur-les-equipements-sportifs\/\">\n                Le Black Friday arrive bient\u00f4t chez Joma Sport Tunisie : les meilleures offres sur les \u00e9quipements sportifs\u00a0!                            <\/a>\n        <\/h3>\n                        <ul class=\"list-inline-block post-meta-data\">\n                    <li class=\"meta-author\"><span class=\"silver\">By <\/span><a class=\"text-capitalize font-semibold\" href=\"https:\/\/accrosport.tn\/index.php\/author\/accrosportadmin\/\">admin<\/a><\/li>\n                    <li><span class=\"silver\">25 octobre 2022<\/span><\/li>\n                    <li class=\"meta-comment\"><i aria-hidden=\"true\" class=\"la la-comments color title14\"><\/i>\n                        <a class=\"silver\" href=\"https:\/\/accrosport.tn\/index.php\/2022\/10\/25\/le-black-friday-arrive-bientot-chez-joma-sport-tunisie-les-meilleures-offres-sur-les-equipements-sportifs\/#respond\">0<\/a>\n                    <\/li>\n                <\/ul>               \n                        <p class=\"desc\"><\/p>        <a href=\"https:\/\/accrosport.tn\/index.php\/2022\/10\/25\/le-black-friday-arrive-bientot-chez-joma-sport-tunisie-les-meilleures-offres-sur-les-equipements-sportifs\/\" class=\"readmore\">Read more<\/a>\n    <\/div>\n<\/div>\n<\/div><div class=\"list-col-item list-3-item\"><div class=\"item-post item-post-grid item-post-default\">\n            <div class=\"post-thumb banner-advs zoom-image overlay-image\">\n            <a href=\"https:\/\/accrosport.tn\/index.php\/2022\/09\/20\/joma-sport-au-coupe-davis\/\" class=\"adv-thumb-link\">\n                <img loading=\"lazy\" decoding=\"async\" width=\"370\" height=\"246\" src=\"https:\/\/accrosport.tn\/wp-content\/uploads\/2022\/09\/\/307339765_1112920699353551_5270129721582372457_n-AI-370x246.jpg\" class=\"attachment-370x246 size-370x246 wp-post-image\" alt=\"article3-accrosport\" \/>            <\/a>\n        <\/div>\n        <div class=\"post-info text-center\">\n        <h3 class=\"title20 font-semibold post-title\">\n            <a class=\"black\" href=\"https:\/\/accrosport.tn\/index.php\/2022\/09\/20\/joma-sport-au-coupe-davis\/\">\n                Joma sport au Coupe Davis\u00a0!                            <\/a>\n        <\/h3>\n                        <ul class=\"list-inline-block post-meta-data\">\n                    <li class=\"meta-author\"><span class=\"silver\">By <\/span><a class=\"text-capitalize font-semibold\" href=\"https:\/\/accrosport.tn\/index.php\/author\/accrosportadmin\/\">admin<\/a><\/li>\n                    <li><span class=\"silver\">20 septembre 2022<\/span><\/li>\n                    <li class=\"meta-comment\"><i aria-hidden=\"true\" class=\"la la-comments color title14\"><\/i>\n                        <a class=\"silver\" href=\"https:\/\/accrosport.tn\/index.php\/2022\/09\/20\/joma-sport-au-coupe-davis\/#respond\">0<\/a>\n                    <\/li>\n                <\/ul>               \n                        <p class=\"desc\"><\/p>        <a href=\"https:\/\/accrosport.tn\/index.php\/2022\/09\/20\/joma-sport-au-coupe-davis\/\" class=\"readmore\">Read more<\/a>\n    <\/div>\n<\/div>\n<\/div><div class=\"list-col-item list-3-item\"><div class=\"item-post item-post-grid item-post-default\">\n            <div class=\"post-thumb banner-advs zoom-image overlay-image\">\n            <a href=\"https:\/\/accrosport.tn\/index.php\/2022\/08\/30\/domination-de-joma-sport-a-lus-open-avec-la-plus-forte-presence-de-lhistoire\/\" class=\"adv-thumb-link\">\n                <img loading=\"lazy\" decoding=\"async\" width=\"370\" height=\"246\" src=\"https:\/\/accrosport.tn\/wp-content\/uploads\/2022\/09\/\/noticia_us_open-370x246.jpg\" class=\"attachment-370x246 size-370x246 wp-post-image\" alt=\"article2-accrosport\" \/>            <\/a>\n        <\/div>\n        <div class=\"post-info text-center\">\n        <h3 class=\"title20 font-semibold post-title\">\n            <a class=\"black\" href=\"https:\/\/accrosport.tn\/index.php\/2022\/08\/30\/domination-de-joma-sport-a-lus-open-avec-la-plus-forte-presence-de-lhistoire\/\">\n                Domination de Joma Sport \u00e0 l&rsquo;US Open avec la plus forte pr\u00e9sence de l&rsquo;histoire !                            <\/a>\n        <\/h3>\n                        <ul class=\"list-inline-block post-meta-data\">\n                    <li class=\"meta-author\"><span class=\"silver\">By <\/span><a class=\"text-capitalize font-semibold\" href=\"https:\/\/accrosport.tn\/index.php\/author\/accrosportadmin\/\">admin<\/a><\/li>\n                    <li><span class=\"silver\">30 ao\u00fbt 2022<\/span><\/li>\n                    <li class=\"meta-comment\"><i aria-hidden=\"true\" class=\"la la-comments color title14\"><\/i>\n                        <a class=\"silver\" href=\"https:\/\/accrosport.tn\/index.php\/2022\/08\/30\/domination-de-joma-sport-a-lus-open-avec-la-plus-forte-presence-de-lhistoire\/#respond\">0<\/a>\n                    <\/li>\n                <\/ul>               \n                        <p class=\"desc\"><\/p>        <a href=\"https:\/\/accrosport.tn\/index.php\/2022\/08\/30\/domination-de-joma-sport-a-lus-open-avec-la-plus-forte-presence-de-lhistoire\/\" class=\"readmore\">Read more<\/a>\n    <\/div>\n<\/div>\n<\/div><\/div>    <div class=\"pagi-nav text-right \">\n            <\/div>\n<\/div><\/div><\/div><\/div><\/div>\n","protected":false},"excerpt":{"rendered":"La marque \u00e9quipe 17 joueurs de tennis pour les comp\u00e9titions ATP et WTA de l\u2019US Open 2022. Joma s\u2019est impos\u00e9e comme une marque de r\u00e9f\u00e9rence dans le tennis gr\u00e2ce au parrainage de grands joueurs de tennis, ce qui lui conf\u00e8re une pr\u00e9sence remarquable dans les grands tournois. Apr\u00e8s la victoire de Pablo Carre\u00f1o \u00e0 l\u2019ATP [...]","protected":false},"author":1,"featured_media":0,"parent":0,"menu_order":0,"comment_status":"closed","ping_status":"closed","template":"","meta":{"footnotes":""},"class_list":["post-11800","page","type-page","status-publish","hentry"],"_links":{"self":[{"href":"https:\/\/accrosport.tn\/index.php\/wp-json\/wp\/v2\/pages\/11800","targetHints":{"allow":["GET"]}}],"collection":[{"href":"https:\/\/accrosport.tn\/index.php\/wp-json\/wp\/v2\/pages"}],"about":[{"href":"https:\/\/accrosport.tn\/index.php\/wp-json\/wp\/v2\/types\/page"}],"author":[{"embeddable":true,"href":"https:\/\/accrosport.tn\/index.php\/wp-json\/wp\/v2\/users\/1"}],"replies":[{"embeddable":true,"href":"https:\/\/accrosport.tn\/index.php\/wp-json\/wp\/v2\/comments?post=11800"}],"version-history":[{"count":9,"href":"https:\/\/accrosport.tn\/index.php\/wp-json\/wp\/v2\/pages\/11800\/revisions"}],"predecessor-version":[{"id":18298,"href":"https:\/\/accrosport.tn\/index.php\/wp-json\/wp\/v2\/pages\/11800\/revisions\/18298"}],"wp:attachment":[{"href":"https:\/\/accrosport.tn\/index.php\/wp-json\/wp\/v2\/media?parent=11800"}],"curies":[{"name":"wp","href":"https:\/\/api.w.org\/{rel}","templated":true}]}}