{"id":11649,"date":"2022-09-14T10:38:46","date_gmt":"2022-09-14T10:38:46","guid":{"rendered":"https:\/\/accrosport.tn\/?page_id=11649"},"modified":"2023-09-15T07:56:50","modified_gmt":"2023-09-15T07:56:50","slug":"mentions-legales","status":"publish","type":"page","link":"https:\/\/accrosport.tn\/index.php\/mentions-legales\/","title":{"rendered":"Mentions l\u00e9gales"},"content":{"rendered":"<div class=\"vc_row wpb_row vc_row-fluid\"><div class=\"wpb_column vc_column_container vc_col-sm-12\"><div class=\"vc_column-inner\"><div class=\"wpb_wrapper\">\n\t<div class=\"wpb_raw_code wpb_content_element wpb_raw_html\" >\n\t\t<div class=\"wpb_wrapper\">\n\t\t\t<div style=\"line-height: 1.8; margin-top: 3%; font-size: 16px;color:#000;\"><strong>Accrosport<\/strong> est une S.a.r.l au capital de 50.000 dinars <br>\nSoci\u00e9t\u00e9 immatricul\u00e9e au registre National des Entreprises sous le num\u00e9ro1262130X, Matricule fiscal: 1262130XAM000. <br>\n<strong style=\"color: #000;\">Adresse<\/strong> :44 Rue Tarak Ibn Zied Mutuelle ville Tunis <br>\n<strong style=\"color: #000;\">T\u00e9l<\/strong> : (+216) 71 790 313 <br>\n<strong style=\"color: #000;\">E-mail<\/strong> : accrosport.tunisie@gmail.com <br>\n<strong style=\"color: #000;\">G\u00e9rant <\/strong> : Bessem Zouaoui<\/div>\n\u00a0\n<div style=\"line-height: 1.8; margin-top: 3%;color:#000;\">\n<h4 style=\"color:#000\">CONFIDENTIALIT\u00c9 ET DONN\u00c9ES PERSONNELLES<\/h4>\nToutes informations ou donn\u00e9es personnelles auxquelles Accrosport aura acc\u00e8s lors de la commande seront trait\u00e9s en toute confidentialit\u00e9.<br>\nLes informations personnelles demand\u00e9es lors des inscriptions sont dans le but de compl\u00e9ter les proc\u00e9dures de traitement de commande et paiement en ligne, ces informations resteront confidentielles et ne seront communiqu\u00e9es en aucun cas \u00e0 une tierce personne.\nAccrosport s\u2019engage \u00e0 respecter toutes les informations et donn\u00e9es re\u00e7ues par le client.<br>\nCes informations seront strictement confidentielles et utilis\u00e9es uniquement \u00e0 des fins clairement d\u00e9finies.\n<\/div>\n\t\t<\/div>\n\t<\/div>\n<\/div><\/div><\/div><\/div>\n","protected":false},"excerpt":{"rendered":"Accrosport est une S.a.r.l au capital de 50.000 dinars Soci\u00e9t\u00e9 immatricul\u00e9e au registre National des Entreprises sous le num\u00e9ro1262130X, Matricule fiscal: 1262130XAM000. Adresse :44 Rue Tarak Ibn Zied Mutuelle ville Tunis T\u00e9l : (+216) 71 790 313 E-mail : accrosport.tunisie@gmail.com G\u00e9rant : Bessem Zouaoui \u00a0 CONFIDENTIALIT\u00c9 ET DONN\u00c9ES PERSONNELLES Toutes informations ou donn\u00e9es personnelles auxquelles [...]","protected":false},"author":1,"featured_media":0,"parent":0,"menu_order":0,"comment_status":"closed","ping_status":"closed","template":"","meta":{"footnotes":""},"class_list":["post-11649","page","type-page","status-publish","hentry"],"_links":{"self":[{"href":"https:\/\/accrosport.tn\/index.php\/wp-json\/wp\/v2\/pages\/11649","targetHints":{"allow":["GET"]}}],"collection":[{"href":"https:\/\/accrosport.tn\/index.php\/wp-json\/wp\/v2\/pages"}],"about":[{"href":"https:\/\/accrosport.tn\/index.php\/wp-json\/wp\/v2\/types\/page"}],"author":[{"embeddable":true,"href":"https:\/\/accrosport.tn\/index.php\/wp-json\/wp\/v2\/users\/1"}],"replies":[{"embeddable":true,"href":"https:\/\/accrosport.tn\/index.php\/wp-json\/wp\/v2\/comments?post=11649"}],"version-history":[{"count":4,"href":"https:\/\/accrosport.tn\/index.php\/wp-json\/wp\/v2\/pages\/11649\/revisions"}],"predecessor-version":[{"id":18297,"href":"https:\/\/accrosport.tn\/index.php\/wp-json\/wp\/v2\/pages\/11649\/revisions\/18297"}],"wp:attachment":[{"href":"https:\/\/accrosport.tn\/index.php\/wp-json\/wp\/v2\/media?parent=11649"}],"curies":[{"name":"wp","href":"https:\/\/api.w.org\/{rel}","templated":true}]}}